Last updated on 2024-07-18 09:52:13 CEST.
Flavor | Version | Tinstall | Tcheck | Ttotal | Status | Flags |
---|---|---|---|---|---|---|
r-devel-linux-x86_64-debian-clang | 1.0.11 | 40.83 | 278.52 | 319.35 | OK | |
r-devel-linux-x86_64-debian-gcc | 1.0.11 | 26.41 | 218.86 | 245.27 | OK | |
r-devel-linux-x86_64-fedora-clang | 1.0.11 | 424.08 | OK | |||
r-devel-linux-x86_64-fedora-gcc | 1.0.11 | 427.81 | OK | |||
r-devel-windows-x86_64 | 1.0.11 | 34.00 | 243.00 | 277.00 | NOTE | |
r-patched-linux-x86_64 | 1.0.11 | 37.65 | 278.02 | 315.67 | OK | |
r-release-linux-x86_64 | 1.0.11 | 33.92 | 288.52 | 322.44 | OK | |
r-release-macos-arm64 | 1.0.11 | 79.00 | OK | |||
r-release-macos-x86_64 | 1.0.11 | 198.00 | OK | |||
r-release-windows-x86_64 | 1.0.11 | 33.00 | 244.00 | 277.00 | OK | |
r-oldrel-macos-arm64 | 1.0.11 | 87.00 | OK | |||
r-oldrel-macos-x86_64 | 1.0.11 | 151.00 | OK | |||
r-oldrel-windows-x86_64 | 1.0.11 | 42.00 | 321.00 | 363.00 | OK |
Version: 1.0.11
Check: Rd cross-references
Result: NOTE
Found the following Rd file(s) with Rd \link{} targets missing package
anchors:
mapdf.Rd: map
Please provide package anchors for all Rd \link{} targets not in the
package itself and the base packages.
Flavor: r-devel-windows-x86_64