Last updated on 2024-07-18 09:52:13 CEST.
Flavor | Version | Tinstall | Tcheck | Ttotal | Status | Flags |
---|---|---|---|---|---|---|
r-devel-linux-x86_64-debian-clang | 1.0.0 | 84.23 | 604.38 | 688.61 | OK | |
r-devel-linux-x86_64-debian-gcc | 1.0.0 | 58.16 | 421.22 | 479.38 | OK | |
r-devel-linux-x86_64-fedora-clang | 1.0.0 | 841.83 | NOTE | |||
r-devel-linux-x86_64-fedora-gcc | 1.0.0 | 798.80 | NOTE | |||
r-devel-windows-x86_64 | 1.0.0 | 60.00 | 369.00 | 429.00 | NOTE | |
r-patched-linux-x86_64 | 1.0.0 | 82.25 | 560.77 | 643.02 | OK | |
r-release-linux-x86_64 | 1.0.0 | 71.75 | 567.99 | 639.74 | OK | |
r-release-macos-arm64 | 1.0.0 | 128.00 | OK | |||
r-release-macos-x86_64 | 1.0.0 | 282.00 | OK | |||
r-release-windows-x86_64 | 1.0.0 | 59.00 | 367.00 | 426.00 | OK | |
r-oldrel-macos-arm64 | 1.0.0 | 149.00 | OK | |||
r-oldrel-macos-x86_64 | 1.0.0 | 267.00 | OK | |||
r-oldrel-windows-x86_64 | 1.0.0 | 80.00 | 500.00 | 580.00 | OK |
Version: 1.0.0
Check: data for non-ASCII characters
Result: NOTE
Note: found 74 marked UTF-8 strings
Flavors: r-devel-linux-x86_64-fedora-clang, r-devel-linux-x86_64-fedora-gcc
Version: 1.0.0
Check: Rd cross-references
Result: NOTE
Found the following Rd file(s) with Rd \link{} targets missing package
anchors:
eval_posterior_eDITH.Rd: aggregate_river
posterior_pred_sim_eDITH.Rd: aggregate_river, DHARMa
run_eDITH_BT.Rd: aggregate_river, river_to_AEM, runMCMC,
createBayesianSetup, dtrunc, MAP, getCredibleIntervals,
gelmanDiagnostics
run_eDITH_BT_joint.Rd: aggregate_river, river_to_AEM, runMCMC,
createBayesianSetup, dtrunc, MAP, getCredibleIntervals,
gelmanDiagnostics
run_eDITH_optim.Rd: aggregate_river, river_to_AEM
run_eDITH_optim_joint.Rd: aggregate_river, river_to_AEM
run_eDITH_single.Rd: aggregate_river
sampling_strategy_direct.Rd: aggregate_river
sampling_strategy_eDNA.Rd: paths_river
wigger.Rd: extract_river
Please provide package anchors for all Rd \link{} targets not in the
package itself and the base packages.
Flavor: r-devel-windows-x86_64