Last updated on 2024-07-18 09:52:13 CEST.
Flavor | Version | Tinstall | Tcheck | Ttotal | Status | Flags |
---|---|---|---|---|---|---|
r-devel-linux-x86_64-debian-clang | 0.1.0 | 3.50 | 34.43 | 37.93 | OK | |
r-devel-linux-x86_64-debian-gcc | 0.1.0 | 2.38 | 26.34 | 28.72 | OK | |
r-devel-linux-x86_64-fedora-clang | 0.1.0 | 48.35 | NOTE | |||
r-devel-linux-x86_64-fedora-gcc | 0.1.0 | 58.57 | NOTE | |||
r-devel-windows-x86_64 | 0.1.0 | 5.00 | 58.00 | 63.00 | OK | |
r-patched-linux-x86_64 | 0.1.0 | 3.44 | 32.30 | 35.74 | OK | |
r-release-linux-x86_64 | 0.1.0 | 2.83 | 33.20 | 36.03 | OK | |
r-release-macos-arm64 | 0.1.0 | 33.00 | OK | |||
r-release-macos-x86_64 | 0.1.0 | 46.00 | OK | |||
r-release-windows-x86_64 | 0.1.0 | 4.00 | 53.00 | 57.00 | OK | |
r-oldrel-macos-arm64 | 0.1.0 | 29.00 | OK | |||
r-oldrel-macos-x86_64 | 0.1.0 | 42.00 | OK | |||
r-oldrel-windows-x86_64 | 0.1.0 | 5.00 | 61.00 | 66.00 | OK |
Version: 0.1.0
Check: data for non-ASCII characters
Result: NOTE
Note: found 24 marked UTF-8 strings
Flavors: r-devel-linux-x86_64-fedora-clang, r-devel-linux-x86_64-fedora-gcc