Last updated on 2024-07-18 09:52:13 CEST.
Flavor | Version | Tinstall | Tcheck | Ttotal | Status | Flags |
---|---|---|---|---|---|---|
r-devel-linux-x86_64-debian-clang | 1.1.0 | 9.87 | 173.49 | 183.36 | NOTE | |
r-devel-linux-x86_64-debian-gcc | 1.1.0 | 8.92 | 124.90 | 133.82 | NOTE | |
r-devel-linux-x86_64-fedora-clang | 1.1.0 | 227.79 | NOTE | |||
r-devel-linux-x86_64-fedora-gcc | 1.1.0 | 223.09 | NOTE | |||
r-devel-windows-x86_64 | 1.1.0 | 10.00 | 151.00 | 161.00 | NOTE | |
r-patched-linux-x86_64 | 1.1.0 | 10.08 | 165.60 | 175.68 | NOTE | |
r-release-linux-x86_64 | 1.1.0 | 6.52 | 165.75 | 172.27 | NOTE | |
r-release-macos-arm64 | 1.1.0 | 71.00 | NOTE | |||
r-release-macos-x86_64 | 1.1.0 | 108.00 | NOTE | |||
r-release-windows-x86_64 | 1.1.0 | 12.00 | 150.00 | 162.00 | NOTE | |
r-oldrel-macos-arm64 | 1.1.0 | 73.00 | OK | |||
r-oldrel-macos-x86_64 | 1.1.0 | 183.00 | OK | |||
r-oldrel-windows-x86_64 | 1.1.0 | 13.00 | 188.00 | 201.00 | OK |
Version: 1.1.0
Check: Rd files
Result: NOTE
checkRd: (-1) write_spss.Rd:31: Lost braces in \itemize; meant \describe ?
checkRd: (-1) write_spss.Rd:32-33: Lost braces in \itemize; meant \describe ?
checkRd: (-1) write_spss.Rd:34: Lost braces in \itemize; meant \describe ?
checkRd: (-1) write_spss.Rd:35-40: Lost braces in \itemize; meant \describe ?
checkRd: (-1) write_spss.Rd:45: Lost braces in \itemize; meant \describe ?
checkRd: (-1) write_spss.Rd:46: Lost braces in \itemize; meant \describe ?
Flavors: r-devel-linux-x86_64-debian-clang, r-devel-linux-x86_64-debian-gcc, r-devel-linux-x86_64-fedora-clang, r-devel-linux-x86_64-fedora-gcc, r-devel-windows-x86_64, r-patched-linux-x86_64, r-release-linux-x86_64, r-release-macos-arm64, r-release-macos-x86_64, r-release-windows-x86_64