Last updated on 2024-07-18 09:52:13 CEST.
Flavor | Version | Tinstall | Tcheck | Ttotal | Status | Flags |
---|---|---|---|---|---|---|
r-devel-linux-x86_64-debian-clang | 1.0.2 | 14.67 | 355.57 | 370.24 | OK | |
r-devel-linux-x86_64-debian-gcc | 1.0.2 | 7.64 | 255.46 | 263.10 | OK | |
r-devel-linux-x86_64-fedora-clang | 1.0.2 | 483.58 | OK | |||
r-devel-linux-x86_64-fedora-gcc | 1.0.2 | 447.88 | OK | |||
r-devel-windows-x86_64 | 1.0.2 | 13.00 | 241.00 | 254.00 | NOTE | |
r-patched-linux-x86_64 | 1.0.2 | 15.16 | 332.63 | 347.79 | OK | |
r-release-linux-x86_64 | 1.0.2 | 11.46 | 345.12 | 356.58 | OK | |
r-release-macos-arm64 | 1.0.2 | 111.00 | OK | |||
r-release-macos-x86_64 | 1.0.2 | 186.00 | OK | |||
r-release-windows-x86_64 | 1.0.2 | 11.00 | 236.00 | 247.00 | OK | |
r-oldrel-macos-arm64 | 1.0.2 | 127.00 | OK | |||
r-oldrel-macos-x86_64 | 1.0.2 | 226.00 | OK | |||
r-oldrel-windows-x86_64 | 1.0.2 | 14.00 | 317.00 | 331.00 | OK |
Version: 1.0.2
Check: Rd cross-references
Result: NOTE
Found the following Rd file(s) with Rd \link{} targets missing package
anchors:
cgr.Rd: glasso
plot.cgr.Rd: gplot
stackedsdm.Rd: mvabund
Please provide package anchors for all Rd \link{} targets not in the
package itself and the base packages.
Flavor: r-devel-windows-x86_64