Last updated on 2024-07-18 09:52:13 CEST.
Flavor | Version | Tinstall | Tcheck | Ttotal | Status | Flags |
---|---|---|---|---|---|---|
r-devel-linux-x86_64-debian-clang | 1.0.0 | 12.27 | 278.39 | 290.66 | OK | |
r-devel-linux-x86_64-debian-gcc | 1.0.0 | 9.96 | 202.11 | 212.07 | OK | |
r-devel-linux-x86_64-fedora-clang | 1.0.0 | 349.71 | OK | |||
r-devel-linux-x86_64-fedora-gcc | 1.0.0 | 351.13 | OK | |||
r-devel-windows-x86_64 | 1.0.0 | 11.00 | 218.00 | 229.00 | NOTE | |
r-patched-linux-x86_64 | 1.0.0 | 14.65 | 255.30 | 269.95 | OK | |
r-release-linux-x86_64 | 1.0.0 | 11.37 | 263.74 | 275.11 | OK | |
r-release-macos-arm64 | 1.0.0 | 98.00 | OK | |||
r-release-macos-x86_64 | 1.0.0 | 169.00 | OK | |||
r-release-windows-x86_64 | 1.0.0 | 12.00 | 213.00 | 225.00 | OK | |
r-oldrel-macos-arm64 | 1.0.0 | 120.00 | OK | |||
r-oldrel-macos-x86_64 | 1.0.0 | 181.00 | NOTE | |||
r-oldrel-windows-x86_64 | 1.0.0 | 17.00 | 258.00 | 275.00 | OK |
Version: 1.0.0
Check: Rd cross-references
Result: NOTE
Found the following Rd file(s) with Rd \link{} targets missing package
anchors:
coalesc_abc.Rd: abc
plot_comm.Rd: ggplot2-package
Please provide package anchors for all Rd \link{} targets not in the
package itself and the base packages.
Flavor: r-devel-windows-x86_64
Version: 1.0.0
Check: package dependencies
Result: NOTE
Package suggested but not available for checking: ‘untb’
Flavor: r-oldrel-macos-x86_64