Last updated on 2024-07-18 09:52:13 CEST.
Flavor | Version | Tinstall | Tcheck | Ttotal | Status | Flags |
---|---|---|---|---|---|---|
r-devel-linux-x86_64-debian-clang | 1.1 | 4.39 | 103.25 | 107.64 | OK | |
r-devel-linux-x86_64-debian-gcc | 1.1 | 3.10 | 72.97 | 76.07 | OK | |
r-devel-linux-x86_64-fedora-clang | 1.1 | 131.80 | NOTE | |||
r-devel-linux-x86_64-fedora-gcc | 1.1 | 134.47 | OK | |||
r-devel-windows-x86_64 | 1.1 | 6.00 | 95.00 | 101.00 | OK | |
r-patched-linux-x86_64 | 1.1 | 5.54 | 100.35 | 105.89 | OK | |
r-release-linux-x86_64 | 1.1 | 4.75 | 101.34 | 106.09 | OK | |
r-release-macos-arm64 | 1.1 | 38.00 | OK | |||
r-release-macos-x86_64 | 1.1 | 62.00 | OK | |||
r-release-windows-x86_64 | 1.1 | 6.00 | 94.00 | 100.00 | OK | |
r-oldrel-macos-arm64 | 1.1 | 38.00 | OK | |||
r-oldrel-macos-x86_64 | 1.1 | 72.00 | OK | |||
r-oldrel-windows-x86_64 | 1.1 | 4.00 | 110.00 | 114.00 | OK |
Version: 1.1
Check: Rd cross-references
Result: NOTE
Undeclared package ‘ndl’ in Rd xrefs
Flavor: r-devel-linux-x86_64-fedora-clang