Last updated on 2024-07-18 09:52:13 CEST.
Flavor | Version | Tinstall | Tcheck | Ttotal | Status | Flags |
---|---|---|---|---|---|---|
r-devel-linux-x86_64-debian-clang | 2.11.4 | 39.85 | 195.88 | 235.73 | OK | |
r-devel-linux-x86_64-debian-gcc | 2.11.4 | 21.67 | 140.80 | 162.47 | OK | |
r-devel-linux-x86_64-fedora-clang | 2.11.4 | 284.81 | OK | |||
r-devel-linux-x86_64-fedora-gcc | 2.11.4 | 282.70 | OK | |||
r-devel-windows-x86_64 | 2.11.4 | 38.00 | 189.00 | 227.00 | NOTE | |
r-patched-linux-x86_64 | 2.11.4 | 31.01 | 185.26 | 216.27 | OK | |
r-release-linux-x86_64 | 2.11.4 | 25.46 | 185.82 | 211.28 | OK | |
r-release-macos-arm64 | 2.11.4 | 85.00 | OK | |||
r-release-macos-x86_64 | 2.11.4 | 127.00 | OK | |||
r-release-windows-x86_64 | 2.11.4 | 39.00 | 194.00 | 233.00 | OK | |
r-oldrel-macos-arm64 | 2.11.4 | 91.00 | OK | |||
r-oldrel-macos-x86_64 | 2.11.4 | 171.00 | OK | |||
r-oldrel-windows-x86_64 | 2.11.4 | 47.00 | 215.00 | 262.00 | OK |
Version: 2.11.4
Check: Rd cross-references
Result: NOTE
Found the following Rd file(s) with Rd \link{} targets missing package
anchors:
eha-package.Rd: coxph
plot.coxreg.Rd: survival
Please provide package anchors for all Rd \link{} targets not in the
package itself and the base packages.
Flavor: r-devel-windows-x86_64