Last updated on 2024-07-18 09:52:13 CEST.
Flavor | Version | Tinstall | Tcheck | Ttotal | Status | Flags |
---|---|---|---|---|---|---|
r-devel-linux-x86_64-debian-clang | 2.5.0 | 30.91 | 323.80 | 354.71 | OK | |
r-devel-linux-x86_64-debian-gcc | 2.5.0 | 18.73 | 222.55 | 241.28 | OK | |
r-devel-linux-x86_64-fedora-clang | 2.5.0 | 417.05 | OK | |||
r-devel-linux-x86_64-fedora-gcc | 2.5.0 | 379.01 | OK | |||
r-devel-windows-x86_64 | 2.5.0 | 27.00 | 259.00 | 286.00 | NOTE | |
r-patched-linux-x86_64 | 2.5.0 | 34.26 | 296.09 | 330.35 | OK | |
r-release-linux-x86_64 | 2.5.0 | 17.70 | 301.58 | 319.28 | OK | |
r-release-macos-arm64 | 2.5.0 | 103.00 | OK | |||
r-release-macos-x86_64 | 2.5.0 | 192.00 | OK | |||
r-release-windows-x86_64 | 2.5.0 | 25.00 | 257.00 | 282.00 | OK | |
r-oldrel-macos-arm64 | 2.5.0 | 101.00 | OK | |||
r-oldrel-macos-x86_64 | 2.5.0 | 237.00 | OK | |||
r-oldrel-windows-x86_64 | 2.5.0 | 31.00 | 326.00 | 357.00 | OK |
Version: 2.5.0
Check: Rd cross-references
Result: NOTE
Found the following Rd file(s) with Rd \link{} targets missing package
anchors:
get_trackdata.Rd: wrasspOutputInfos, tibble
query.Rd: tibble
requery_hier.Rd: tibble
requery_seq.Rd: tibble
serve.Rd: stopAllServers, httpuv
Please provide package anchors for all Rd \link{} targets not in the
package itself and the base packages.
Flavor: r-devel-windows-x86_64