Last updated on 2024-07-18 09:52:13 CEST.
Flavor | Version | Tinstall | Tcheck | Ttotal | Status | Flags |
---|---|---|---|---|---|---|
r-devel-linux-x86_64-debian-clang | 3.2 | 4.95 | 61.31 | 66.26 | OK | |
r-devel-linux-x86_64-debian-gcc | 3.2 | 4.77 | 45.40 | 50.17 | OK | |
r-devel-linux-x86_64-fedora-clang | 3.2 | 83.28 | OK | |||
r-devel-linux-x86_64-fedora-gcc | 3.2 | 90.52 | OK | |||
r-devel-windows-x86_64 | 3.2 | 10.00 | 99.00 | 109.00 | NOTE | |
r-patched-linux-x86_64 | 3.2 | 8.48 | 58.03 | 66.51 | OK | |
r-release-linux-x86_64 | 3.2 | 5.08 | 58.34 | 63.42 | OK | |
r-release-macos-arm64 | 3.2 | 77.00 | OK | |||
r-release-macos-x86_64 | 3.2 | 97.00 | OK | |||
r-release-windows-x86_64 | 3.2 | 9.00 | 94.00 | 103.00 | OK | |
r-oldrel-macos-arm64 | 3.2 | 80.00 | OK | |||
r-oldrel-macos-x86_64 | 3.2 | 101.00 | OK | |||
r-oldrel-windows-x86_64 | 3.2 | 10.00 | 92.00 | 102.00 | OK |
Version: 3.2
Check: Rd cross-references
Result: NOTE
Found the following Rd file(s) with Rd \link{} targets missing package
anchors:
plotEnrich.Rd: ggplot
Please provide package anchors for all Rd \link{} targets not in the
package itself and the base packages.
Flavor: r-devel-windows-x86_64