Last updated on 2024-07-18 09:52:13 CEST.
Flavor | Version | Tinstall | Tcheck | Ttotal | Status | Flags |
---|---|---|---|---|---|---|
r-devel-linux-x86_64-debian-clang | 1.1.0 | 3.20 | 55.49 | 58.69 | NOTE | |
r-devel-linux-x86_64-debian-gcc | 1.1.0 | 2.15 | 39.53 | 41.68 | NOTE | |
r-devel-linux-x86_64-fedora-clang | 1.1.0 | 79.06 | NOTE | |||
r-devel-linux-x86_64-fedora-gcc | 1.1.0 | 83.63 | NOTE | |||
r-devel-windows-x86_64 | 1.1.0 | 3.00 | 66.00 | 69.00 | NOTE | |
r-patched-linux-x86_64 | 1.1.0 | 3.17 | 52.23 | 55.40 | NOTE | |
r-release-linux-x86_64 | 1.1.0 | 1.85 | 51.83 | 53.68 | NOTE | |
r-release-macos-arm64 | 1.1.0 | 31.00 | NOTE | |||
r-release-macos-x86_64 | 1.1.0 | 72.00 | NOTE | |||
r-release-windows-x86_64 | 1.1.0 | 3.00 | 65.00 | 68.00 | NOTE | |
r-oldrel-macos-arm64 | 1.1.0 | 31.00 | OK | |||
r-oldrel-macos-x86_64 | 1.1.0 | 71.00 | OK | |||
r-oldrel-windows-x86_64 | 1.1.0 | 5.00 | 71.00 | 76.00 | OK |
Version: 1.1.0
Check: Rd files
Result: NOTE
checkRd: (-1) misClustRate.Rd:18: Lost braces; missing escapes or markup?
18 | Compute the empirical MCR, assuming that #{cluster} = #{block},
| ^
checkRd: (-1) misClustRate.Rd:18: Lost braces; missing escapes or markup?
18 | Compute the empirical MCR, assuming that #{cluster} = #{block},
| ^
Flavors: r-devel-linux-x86_64-debian-clang, r-devel-linux-x86_64-debian-gcc, r-devel-linux-x86_64-fedora-clang, r-devel-linux-x86_64-fedora-gcc, r-devel-windows-x86_64, r-patched-linux-x86_64, r-release-linux-x86_64, r-release-macos-arm64, r-release-macos-x86_64, r-release-windows-x86_64