Last updated on 2024-07-18 09:52:14 CEST.
Flavor | Version | Tinstall | Tcheck | Ttotal | Status | Flags |
---|---|---|---|---|---|---|
r-devel-linux-x86_64-debian-clang | 2.2.16 | 22.06 | 140.99 | 163.05 | NOTE | |
r-devel-linux-x86_64-debian-gcc | 2.2.16 | 16.13 | 102.80 | 118.93 | NOTE | |
r-devel-linux-x86_64-fedora-clang | 2.2.16 | 220.16 | NOTE | |||
r-devel-linux-x86_64-fedora-gcc | 2.2.16 | 202.84 | NOTE | |||
r-devel-windows-x86_64 | 2.2.16 | 18.00 | 129.00 | 147.00 | OK | |
r-patched-linux-x86_64 | 2.2.16 | 14.88 | 131.24 | 146.12 | NOTE | |
r-release-linux-x86_64 | 2.2.16 | 13.13 | 134.03 | 147.16 | NOTE | |
r-release-macos-arm64 | 2.2.16 | 94.00 | NOTE | |||
r-release-macos-x86_64 | 2.2.16 | 125.00 | NOTE | |||
r-release-windows-x86_64 | 2.2.16 | 19.00 | 128.00 | 147.00 | OK | |
r-oldrel-macos-arm64 | 2.2.16 | 97.00 | NOTE | |||
r-oldrel-macos-x86_64 | 2.2.16 | 176.00 | NOTE | |||
r-oldrel-windows-x86_64 | 2.2.16 | 26.00 | 153.00 | 179.00 | OK |
Version: 2.2.16
Check: package dependencies
Result: NOTE
Package suggested but not available for checking: ‘taskscheduleR’
Flavors: r-devel-linux-x86_64-debian-clang, r-devel-linux-x86_64-debian-gcc, r-devel-linux-x86_64-fedora-gcc, r-patched-linux-x86_64, r-release-linux-x86_64, r-release-macos-arm64, r-release-macos-x86_64, r-oldrel-macos-arm64, r-oldrel-macos-x86_64
Version: 2.2.16
Check: package dependencies
Result: NOTE
Package suggested but not available for checking: ‘taskscheduleR’
Imports includes 34 non-default packages.
Importing from so many packages makes the package vulnerable to any of
them becoming unavailable. Move as many as possible to Suggests and
use conditionally.
Flavor: r-devel-linux-x86_64-fedora-clang
Version: 2.2.16
Check: dependencies in R code
Result: NOTE
Namespaces in Imports field not imported from:
‘httpuv’ ‘knitr’ ‘plyr’ ‘tidyverse’ ‘xml2’
All declared Imports should be used.
Flavors: r-devel-linux-x86_64-fedora-clang, r-devel-linux-x86_64-fedora-gcc