Last updated on 2024-07-18 09:52:14 CEST.
Flavor | Version | Tinstall | Tcheck | Ttotal | Status | Flags |
---|---|---|---|---|---|---|
r-devel-linux-x86_64-debian-clang | 0.2.6 | 12.64 | 122.20 | 134.84 | OK | |
r-devel-linux-x86_64-debian-gcc | 0.2.6 | 9.72 | 89.92 | 99.64 | OK | |
r-devel-linux-x86_64-fedora-clang | 0.2.6 | 176.14 | NOTE | |||
r-devel-linux-x86_64-fedora-gcc | 0.2.6 | 179.27 | NOTE | |||
r-devel-windows-x86_64 | 0.2.6 | 14.00 | 110.00 | 124.00 | OK | |
r-patched-linux-x86_64 | 0.2.6 | 12.66 | 116.70 | 129.36 | OK | |
r-release-linux-x86_64 | 0.2.6 | 11.38 | 117.12 | 128.50 | OK | |
r-release-macos-arm64 | 0.2.6 | 46.00 | OK | |||
r-release-macos-x86_64 | 0.2.6 | 81.00 | OK | |||
r-release-windows-x86_64 | 0.2.6 | 13.00 | 110.00 | 123.00 | OK | |
r-oldrel-macos-arm64 | 0.2.6 | 56.00 | OK | |||
r-oldrel-macos-x86_64 | 0.2.6 | 88.00 | OK | |||
r-oldrel-windows-x86_64 | 0.2.6 | 15.00 | 129.00 | 144.00 | OK |
Version: 0.2.6
Check: dependencies in R code
Result: NOTE
Namespace in Imports field not imported from: ‘EnvStats’
All declared Imports should be used.
Flavors: r-devel-linux-x86_64-fedora-clang, r-devel-linux-x86_64-fedora-gcc