Last updated on 2024-07-18 09:52:14 CEST.
Flavor | Version | Tinstall | Tcheck | Ttotal | Status | Flags |
---|---|---|---|---|---|---|
r-devel-linux-x86_64-debian-clang | 0.3-4 | 51.23 | 392.78 | 444.01 | OK | |
r-devel-linux-x86_64-debian-gcc | 0.3-4 | 30.48 | 281.55 | 312.03 | OK | |
r-devel-linux-x86_64-fedora-clang | 0.3-4 | 560.48 | OK | |||
r-devel-linux-x86_64-fedora-gcc | 0.3-4 | 556.62 | OK | |||
r-devel-windows-x86_64 | 0.3-4 | 41.00 | 289.00 | 330.00 | NOTE | |
r-patched-linux-x86_64 | 0.3-4 | 47.29 | 379.21 | 426.50 | OK | |
r-release-linux-x86_64 | 0.3-4 | 31.53 | 374.24 | 405.77 | OK | |
r-release-macos-arm64 | 0.3-4 | 106.00 | OK | |||
r-release-macos-x86_64 | 0.3-4 | 204.00 | OK | |||
r-release-windows-x86_64 | 0.3-4 | 41.00 | 287.00 | 328.00 | OK | |
r-oldrel-macos-arm64 | 0.3-4 | 128.00 | OK | |||
r-oldrel-macos-x86_64 | 0.3-4 | 299.00 | OK | |||
r-oldrel-windows-x86_64 | 0.3-4 | 50.00 | 386.00 | 436.00 | OK |
Version: 0.3-4
Check: Rd cross-references
Result: NOTE
Found the following Rd file(s) with Rd \link{} targets missing package
anchors:
MantelCor.Rd: mantel
MantelModTest.Rd: mantel
Please provide package anchors for all Rd \link{} targets not in the
package itself and the base packages.
Flavor: r-devel-windows-x86_64