Last updated on 2024-07-18 09:52:14 CEST.
Flavor | Version | Tinstall | Tcheck | Ttotal | Status | Flags |
---|---|---|---|---|---|---|
r-devel-linux-x86_64-debian-clang | 2.0 | 30.73 | 294.44 | 325.17 | OK | |
r-devel-linux-x86_64-debian-gcc | 2.0 | 25.13 | 208.81 | 233.94 | OK | |
r-devel-linux-x86_64-fedora-clang | 2.0 | 413.95 | NOTE | |||
r-devel-linux-x86_64-fedora-gcc | 2.0 | 383.49 | NOTE | |||
r-devel-windows-x86_64 | 2.0 | 25.00 | 171.00 | 196.00 | OK | |
r-patched-linux-x86_64 | 2.0 | 22.84 | 274.98 | 297.82 | OK | |
r-release-linux-x86_64 | 2.0 | 27.58 | 273.11 | 300.69 | OK | |
r-release-macos-arm64 | 2.0 | 84.00 | OK | |||
r-release-macos-x86_64 | 2.0 | 129.00 | OK | |||
r-release-windows-x86_64 | 2.0 | 24.00 | 169.00 | 193.00 | OK | |
r-oldrel-macos-arm64 | 2.0 | 84.00 | OK | |||
r-oldrel-macos-x86_64 | 2.0 | 210.00 | OK | |||
r-oldrel-windows-x86_64 | 2.0 | 35.00 | 239.00 | 274.00 | OK |
Version: 2.0
Check: data for non-ASCII characters
Result: NOTE
Note: found 1 marked UTF-8 string
Flavors: r-devel-linux-x86_64-fedora-clang, r-devel-linux-x86_64-fedora-gcc