Last updated on 2024-07-18 09:52:14 CEST.
Flavor | Version | Tinstall | Tcheck | Ttotal | Status | Flags |
---|---|---|---|---|---|---|
r-devel-linux-x86_64-debian-clang | 0.3.4 | 39.78 | 199.27 | 239.05 | OK | |
r-devel-linux-x86_64-debian-gcc | 0.3.4 | 24.53 | 144.49 | 169.02 | OK | |
r-devel-linux-x86_64-fedora-clang | 0.3.4 | 292.54 | NOTE | |||
r-devel-linux-x86_64-fedora-gcc | 0.3.4 | 310.56 | OK | |||
r-devel-windows-x86_64 | 0.3.4 | 35.00 | 193.00 | 228.00 | OK | |
r-patched-linux-x86_64 | 0.3.4 | 31.20 | 194.90 | 226.10 | OK | |
r-release-linux-x86_64 | 0.3.4 | 22.83 | 190.97 | 213.80 | OK | |
r-release-macos-arm64 | 0.3.4 | 78.00 | OK | |||
r-release-macos-x86_64 | 0.3.4 | 121.00 | OK | |||
r-release-windows-x86_64 | 0.3.4 | 33.00 | 191.00 | 224.00 | OK | |
r-oldrel-macos-arm64 | 0.3.4 | 83.00 | OK | |||
r-oldrel-macos-x86_64 | 0.3.4 | 181.00 | OK | |||
r-oldrel-windows-x86_64 | 0.3.4 | 40.00 | 231.00 | 271.00 | OK |
Version: 0.3.4
Check: Rd cross-references
Result: NOTE
Undeclared package ‘lmtest’ in Rd xrefs
Flavor: r-devel-linux-x86_64-fedora-clang