Last updated on 2024-07-18 09:52:14 CEST.
Flavor | Version | Tinstall | Tcheck | Ttotal | Status | Flags |
---|---|---|---|---|---|---|
r-devel-linux-x86_64-debian-clang | 0.9-1 | 79.36 | 88.52 | 167.88 | OK | |
r-devel-linux-x86_64-debian-gcc | 0.9-1 | 50.15 | 69.37 | 119.52 | OK | |
r-devel-linux-x86_64-fedora-clang | 0.9-1 | 230.04 | OK | |||
r-devel-linux-x86_64-fedora-gcc | 0.9-1 | 262.80 | WARN | |||
r-devel-windows-x86_64 | 0.9-1 | 61.00 | 110.00 | 171.00 | OK | |
r-patched-linux-x86_64 | 0.9-1 | 61.62 | 89.33 | 150.95 | OK | |
r-release-linux-x86_64 | 0.9-1 | 70.85 | 89.33 | 160.18 | OK | |
r-release-macos-arm64 | 0.9-1 | 62.00 | NOTE | |||
r-release-macos-x86_64 | 0.9-1 | 81.00 | WARN | |||
r-release-windows-x86_64 | 0.9-1 | 62.00 | 107.00 | 169.00 | OK | |
r-oldrel-macos-arm64 | 0.9-1 | 68.00 | NOTE | |||
r-oldrel-macos-x86_64 | 0.9-1 | 192.00 | NOTE | |||
r-oldrel-windows-x86_64 | 0.9-1 | 76.00 | 125.00 | 201.00 | OK |
Version: 0.9-1
Check: whether package can be installed
Result: WARN
Found the following significant warnings:
/data/gannet/ripley/R/test-dev/RSpectra/include/Spectra/MatOp/internal/ArnoldiOp.h:112:44: warning: template-id not allowed for constructor in C++20 [-Wtemplate-id-cdtor]
See ‘/data/gannet/ripley/R/packages/tests-devel/fad.Rcheck/00install.out’ for details.
* used C++ compiler: ‘g++-14 (GCC) 14.1.0’
Flavor: r-devel-linux-x86_64-fedora-gcc
Version: 0.9-1
Check: installed package size
Result: NOTE
installed size is 11.8Mb
sub-directories of 1Mb or more:
libs 11.5Mb
Flavors: r-release-macos-arm64, r-release-macos-x86_64, r-oldrel-macos-arm64, r-oldrel-macos-x86_64
Version: 0.9-1
Check: re-building of vignette outputs
Result: WARN
Error(s) in re-building vignettes:
...
--- re-building ‘fad-vignette.Rnw’ using knitr
Error: processing vignette 'fad-vignette.Rnw' failed with diagnostics:
Running 'texi2dvi' on 'fad-vignette.tex' failed.
LaTeX errors:
! Undefined control sequence.
l.108 \hlkwd{library}\hldef
{(fad)}
?
! Emergency stop.
! Emergency stop.
l.108
End of file on the terminal!
! ==> Fatal error occurred, no output PDF file produced!
--- failed re-building ‘fad-vignette.Rnw’
SUMMARY: processing the following file failed:
‘fad-vignette.Rnw’
Error: Vignette re-building failed.
Execution halted
Flavor: r-release-macos-x86_64