Last updated on 2024-07-18 09:52:14 CEST.
Flavor | Version | Tinstall | Tcheck | Ttotal | Status | Flags |
---|---|---|---|---|---|---|
r-devel-linux-x86_64-debian-clang | 0.0.3 | 140.72 | 71.38 | 212.10 | NOTE | |
r-devel-linux-x86_64-debian-gcc | 0.0.3 | 107.20 | 57.84 | 165.04 | NOTE | |
r-devel-linux-x86_64-fedora-clang | 0.0.3 | 270.48 | NOTE | |||
r-devel-linux-x86_64-fedora-gcc | 0.0.3 | 360.25 | NOTE | |||
r-devel-windows-x86_64 | 0.0.3 | 109.00 | 102.00 | 211.00 | NOTE | |
r-patched-linux-x86_64 | 0.0.3 | 129.89 | 73.21 | 203.10 | NOTE | |
r-release-linux-x86_64 | 0.0.3 | 130.26 | 71.56 | 201.82 | NOTE | |
r-release-macos-arm64 | 0.0.3 | 81.00 | NOTE | |||
r-release-macos-x86_64 | 0.0.3 | 115.00 | NOTE | |||
r-release-windows-x86_64 | 0.0.3 | 108.00 | 103.00 | 211.00 | NOTE | |
r-oldrel-macos-arm64 | 0.0.3 | 103.00 | NOTE | |||
r-oldrel-macos-x86_64 | 0.0.3 | 151.00 | NOTE | |||
r-oldrel-windows-x86_64 | 0.0.3 | 137.00 | 114.00 | 251.00 | NOTE |
Version: 0.0.3
Check: C++ specification
Result: NOTE
Specified C++11: please drop specification unless essential
Flavors: r-devel-linux-x86_64-debian-clang, r-devel-linux-x86_64-debian-gcc, r-devel-linux-x86_64-fedora-clang, r-devel-linux-x86_64-fedora-gcc, r-devel-windows-x86_64, r-patched-linux-x86_64, r-release-linux-x86_64, r-release-macos-arm64, r-release-macos-x86_64, r-release-windows-x86_64, r-oldrel-macos-arm64, r-oldrel-macos-x86_64, r-oldrel-windows-x86_64
Version: 0.0.3
Check: installed package size
Result: NOTE
installed size is 50.4Mb
sub-directories of 1Mb or more:
libs 50.2Mb
Flavors: r-release-macos-arm64, r-release-macos-x86_64, r-oldrel-macos-arm64, r-oldrel-macos-x86_64