Last updated on 2024-07-18 09:52:14 CEST.
Flavor | Version | Tinstall | Tcheck | Ttotal | Status | Flags |
---|---|---|---|---|---|---|
r-devel-linux-x86_64-debian-clang | 0.3.3 | 3.52 | 36.66 | 40.18 | OK | |
r-devel-linux-x86_64-debian-gcc | 0.3.3 | 2.64 | 28.08 | 30.72 | OK | |
r-devel-linux-x86_64-fedora-clang | 0.3.3 | 53.20 | NOTE | |||
r-devel-linux-x86_64-fedora-gcc | 0.3.3 | 68.89 | NOTE | |||
r-devel-windows-x86_64 | 0.3.3 | 5.00 | 51.00 | 56.00 | OK | |
r-patched-linux-x86_64 | 0.3.3 | 4.01 | 36.10 | 40.11 | OK | |
r-release-linux-x86_64 | 0.3.3 | 3.50 | 35.31 | 38.81 | OK | |
r-release-macos-arm64 | 0.3.3 | 26.00 | OK | |||
r-release-macos-x86_64 | 0.3.3 | 57.00 | OK | |||
r-release-windows-x86_64 | 0.3.3 | 4.00 | 50.00 | 54.00 | OK | |
r-oldrel-macos-arm64 | 0.3.3 | 35.00 | OK | |||
r-oldrel-macos-x86_64 | 0.3.3 | 76.00 | OK | |||
r-oldrel-windows-x86_64 | 0.3.3 | 5.00 | 53.00 | 58.00 | OK |
Version: 0.3.3
Check: dependencies in R code
Result: NOTE
Namespaces in Imports field not imported from:
‘collapse’ ‘data.table’ ‘kit’ ‘magrittr’
All declared Imports should be used.
Flavors: r-devel-linux-x86_64-fedora-clang, r-devel-linux-x86_64-fedora-gcc