Last updated on 2024-07-27 17:57:51 CEST.
Flavor | Version | Tinstall | Tcheck | Ttotal | Status | Flags |
---|---|---|---|---|---|---|
r-devel-linux-x86_64-debian-clang | 1.6.1 | 5.60 | 63.11 | 68.71 | NOTE | |
r-devel-linux-x86_64-debian-gcc | 1.6.1 | NOTE | ||||
r-devel-linux-x86_64-fedora-clang | 1.6.1 | 84.22 | NOTE | |||
r-devel-linux-x86_64-fedora-gcc | 1.6.1 | 80.04 | NOTE | |||
r-devel-windows-x86_64 | 1.6.1 | 7.00 | 74.00 | 81.00 | OK | |
r-patched-linux-x86_64 | 1.6.1 | NOTE | ||||
r-release-linux-x86_64 | 1.6.1 | 5.13 | 59.60 | 64.73 | NOTE | |
r-release-macos-arm64 | 1.6.1 | 27.00 | OK | |||
r-release-macos-x86_64 | 1.6.1 | 46.00 | OK | |||
r-release-windows-x86_64 | 1.6.1 | 7.00 | 71.00 | 78.00 | OK | |
r-oldrel-macos-arm64 | 1.6.1 | 29.00 | OK | |||
r-oldrel-macos-x86_64 | 1.6.1 | 46.00 | OK | |||
r-oldrel-windows-x86_64 | 1.6.1 | 10.00 | 84.00 | 94.00 | OK |
Version: 1.6.1
Check: for non-standard things in the check directory
Result: NOTE
Found the following files/directories:
‘test2delete.txt’ ‘test2delete2_values.txt’ ‘test2delete_values.txt’
Flavors: r-devel-linux-x86_64-debian-clang, r-devel-linux-x86_64-debian-gcc, r-devel-linux-x86_64-fedora-clang, r-devel-linux-x86_64-fedora-gcc, r-patched-linux-x86_64, r-release-linux-x86_64