Last updated on 2024-07-18 09:52:14 CEST.
Flavor | Version | Tinstall | Tcheck | Ttotal | Status | Flags |
---|---|---|---|---|---|---|
r-devel-linux-x86_64-debian-clang | 1.0.3 | 6.67 | 72.04 | 78.71 | OK | |
r-devel-linux-x86_64-debian-gcc | 1.0.3 | 5.57 | 54.27 | 59.84 | OK | |
r-devel-linux-x86_64-fedora-clang | 1.0.3 | 110.08 | NOTE | |||
r-devel-linux-x86_64-fedora-gcc | 1.0.3 | 109.22 | NOTE | |||
r-devel-windows-x86_64 | 1.0.3 | 7.00 | 73.00 | 80.00 | OK | |
r-patched-linux-x86_64 | 1.0.3 | 3.86 | 70.63 | 74.49 | OK | |
r-release-linux-x86_64 | 1.0.3 | 4.14 | 69.80 | 73.94 | OK | |
r-release-macos-arm64 | 1.0.3 | 37.00 | OK | |||
r-release-macos-x86_64 | 1.0.3 | 62.00 | OK | |||
r-release-windows-x86_64 | 1.0.3 | 7.00 | 73.00 | 80.00 | OK | |
r-oldrel-macos-arm64 | 1.0.3 | 38.00 | OK | |||
r-oldrel-macos-x86_64 | 1.0.3 | 57.00 | OK | |||
r-oldrel-windows-x86_64 | 1.0.3 | 9.00 | 82.00 | 91.00 | OK |
Version: 1.0.3
Check: dependencies in R code
Result: NOTE
Namespaces in Imports field not imported from:
‘FastGP’ ‘MASS’ ‘fdapace’
All declared Imports should be used.
Flavors: r-devel-linux-x86_64-fedora-clang, r-devel-linux-x86_64-fedora-gcc