Last updated on 2024-07-18 09:52:14 CEST.
Flavor | Version | Tinstall | Tcheck | Ttotal | Status | Flags |
---|---|---|---|---|---|---|
r-devel-linux-x86_64-debian-clang | 2.2.0 | 129.78 | 190.56 | 320.34 | OK | |
r-devel-linux-x86_64-debian-gcc | 2.3.0 | 89.00 | 157.42 | 246.42 | OK | |
r-devel-linux-x86_64-fedora-clang | 2.3.0 | 481.98 | OK | |||
r-devel-linux-x86_64-fedora-gcc | 2.3.0 | 465.04 | OK | |||
r-devel-windows-x86_64 | 2.3.0 | 99.00 | 210.00 | 309.00 | OK | |
r-patched-linux-x86_64 | 2.2.0 | 78.82 | 178.80 | 257.62 | OK | |
r-release-linux-x86_64 | 2.2.0 | 74.56 | 184.70 | 259.26 | OK | |
r-release-macos-arm64 | 2.3.0 | 98.00 | NOTE | |||
r-release-macos-x86_64 | 2.3.0 | 205.00 | NOTE | |||
r-release-windows-x86_64 | 2.3.0 | 100.00 | 195.00 | 295.00 | OK | |
r-oldrel-macos-arm64 | 2.3.0 | 112.00 | NOTE | |||
r-oldrel-macos-x86_64 | 2.3.0 | 194.00 | NOTE | |||
r-oldrel-windows-x86_64 | 2.2.0 | 118.00 | 216.00 | 334.00 | OK |
Version: 2.3.0
Check: installed package size
Result: NOTE
installed size is 8.0Mb
sub-directories of 1Mb or more:
data 2.3Mb
libs 4.4Mb
Flavors: r-release-macos-arm64, r-release-macos-x86_64, r-oldrel-macos-arm64, r-oldrel-macos-x86_64