Last updated on 2024-07-18 09:52:14 CEST.
Flavor | Version | Tinstall | Tcheck | Ttotal | Status | Flags |
---|---|---|---|---|---|---|
r-devel-linux-x86_64-debian-clang | 1.0.0 | 3.61 | 50.38 | 53.99 | NOTE | |
r-devel-linux-x86_64-debian-gcc | 1.0.0 | 3.95 | 38.08 | 42.03 | NOTE | |
r-devel-linux-x86_64-fedora-clang | 1.0.0 | 73.61 | NOTE | |||
r-devel-linux-x86_64-fedora-gcc | 1.0.0 | 64.67 | NOTE | |||
r-devel-windows-x86_64 | 1.0.0 | 6.00 | 70.00 | 76.00 | NOTE | |
r-patched-linux-x86_64 | 1.0.0 | 4.01 | 49.01 | 53.02 | NOTE | |
r-release-linux-x86_64 | 1.0.0 | 3.06 | 48.97 | 52.03 | NOTE | |
r-release-macos-arm64 | 1.0.0 | 64.00 | NOTE | |||
r-release-macos-x86_64 | 1.0.0 | 68.00 | NOTE | |||
r-release-windows-x86_64 | 1.0.0 | 7.00 | 115.00 | 122.00 | NOTE | |
r-oldrel-macos-arm64 | 1.0.0 | 56.00 | NOTE | |||
r-oldrel-macos-x86_64 | 1.0.0 | 65.00 | NOTE | |||
r-oldrel-windows-x86_64 | 1.0.0 | 6.00 | 77.00 | 83.00 | NOTE |
Version: 1.0.0
Check: package subdirectories
Result: NOTE
Problems with news in ‘NEWS.md’:
Cannot extract version info from the following section titles:
New Stuff
Flavors: r-devel-linux-x86_64-debian-clang, r-devel-linux-x86_64-debian-gcc, r-devel-linux-x86_64-fedora-clang, r-devel-linux-x86_64-fedora-gcc, r-devel-windows-x86_64, r-patched-linux-x86_64, r-release-linux-x86_64, r-release-macos-arm64, r-release-macos-x86_64, r-release-windows-x86_64, r-oldrel-macos-arm64, r-oldrel-macos-x86_64, r-oldrel-windows-x86_64
Version: 1.0.0
Check: LazyData
Result: NOTE
'LazyData' is specified without a 'data' directory
Flavors: r-devel-linux-x86_64-debian-clang, r-devel-linux-x86_64-debian-gcc, r-devel-linux-x86_64-fedora-clang, r-devel-linux-x86_64-fedora-gcc, r-devel-windows-x86_64, r-patched-linux-x86_64, r-release-linux-x86_64, r-release-macos-arm64, r-release-macos-x86_64, r-release-windows-x86_64, r-oldrel-macos-arm64, r-oldrel-macos-x86_64, r-oldrel-windows-x86_64
Version: 1.0.0
Check: dependencies in R code
Result: NOTE
Namespaces in Imports field not imported from:
‘rvest’ ‘stringi’
All declared Imports should be used.
Flavors: r-devel-linux-x86_64-fedora-clang, r-devel-linux-x86_64-fedora-gcc