Last updated on 2024-07-18 04:50:14 CEST.
Flavor | Version | Tinstall | Tcheck | Ttotal | Status | Flags |
---|---|---|---|---|---|---|
r-devel-linux-x86_64-debian-clang | 0.1.0 | 2.36 | 31.54 | 33.90 | OK | |
r-devel-linux-x86_64-debian-gcc | 0.1.0 | 1.80 | 25.18 | 26.98 | OK | |
r-devel-linux-x86_64-fedora-clang | 0.1.0 | 44.09 | NOTE | |||
r-devel-linux-x86_64-fedora-gcc | 0.1.0 | 41.32 | NOTE | |||
r-devel-windows-x86_64 | 0.1.0 | 3.00 | 50.00 | 53.00 | OK | |
r-patched-linux-x86_64 | 0.1.0 | 2.44 | 30.58 | 33.02 | OK | |
r-release-linux-x86_64 | 0.1.0 | 1.54 | 31.25 | 32.79 | OK | |
r-release-macos-arm64 | 0.1.0 | 20.00 | OK | |||
r-release-macos-x86_64 | 0.1.0 | 28.00 | OK | |||
r-release-windows-x86_64 | 0.1.0 | 3.00 | 49.00 | 52.00 | OK | |
r-oldrel-macos-arm64 | 0.1.0 | 21.00 | OK | |||
r-oldrel-macos-x86_64 | 0.1.0 | 28.00 | OK | |||
r-oldrel-windows-x86_64 | 0.1.0 | 2.00 | 51.00 | 53.00 | OK |
Version: 0.1.0
Check: data for non-ASCII characters
Result: NOTE
Note: found 134 marked UTF-8 strings
Flavors: r-devel-linux-x86_64-fedora-clang, r-devel-linux-x86_64-fedora-gcc