Last updated on 2024-07-18 09:52:14 CEST.
Flavor | Version | Tinstall | Tcheck | Ttotal | Status | Flags |
---|---|---|---|---|---|---|
r-devel-linux-x86_64-debian-clang | 1.0 | 9.30 | 105.94 | 115.24 | NOTE | |
r-devel-linux-x86_64-debian-gcc | 1.0 | 9.98 | 79.44 | 89.42 | NOTE | |
r-devel-linux-x86_64-fedora-clang | 1.0 | 154.72 | NOTE | |||
r-devel-linux-x86_64-fedora-gcc | 1.0 | 135.78 | NOTE | |||
r-devel-windows-x86_64 | 1.0 | 11.00 | 95.00 | 106.00 | NOTE | |
r-patched-linux-x86_64 | 1.0 | 7.95 | 99.95 | 107.90 | NOTE | |
r-release-linux-x86_64 | 1.0 | 7.39 | 99.58 | 106.97 | NOTE | |
r-release-macos-arm64 | 1.0 | 44.00 | NOTE | |||
r-release-macos-x86_64 | 1.0 | 60.00 | NOTE | |||
r-release-windows-x86_64 | 1.0 | 11.00 | 94.00 | 105.00 | NOTE | |
r-oldrel-macos-arm64 | 1.0 | 43.00 | NOTE | |||
r-oldrel-macos-x86_64 | 1.0 | 68.00 | NOTE | |||
r-oldrel-windows-x86_64 | 1.0 | 14.00 | 117.00 | 131.00 | NOTE |
Version: 1.0
Check: LazyData
Result: NOTE
'LazyData' is specified without a 'data' directory
Flavors: r-devel-linux-x86_64-debian-clang, r-devel-linux-x86_64-debian-gcc, r-devel-linux-x86_64-fedora-clang, r-devel-linux-x86_64-fedora-gcc, r-devel-windows-x86_64, r-patched-linux-x86_64, r-release-linux-x86_64, r-release-macos-arm64, r-release-macos-x86_64, r-release-windows-x86_64, r-oldrel-macos-arm64, r-oldrel-macos-x86_64, r-oldrel-windows-x86_64