Last updated on 2024-07-18 09:52:14 CEST.
Flavor | Version | Tinstall | Tcheck | Ttotal | Status | Flags |
---|---|---|---|---|---|---|
r-devel-linux-x86_64-debian-clang | 0.2.1 | 40.44 | 96.26 | 136.70 | OK | |
r-devel-linux-x86_64-debian-gcc | 0.2.1 | 27.88 | 77.24 | 105.12 | OK | |
r-devel-linux-x86_64-fedora-clang | 0.2.1 | 183.20 | OK | |||
r-devel-linux-x86_64-fedora-gcc | 0.2.1 | 217.51 | OK | |||
r-devel-windows-x86_64 | 0.2.1 | 33.00 | 114.00 | 147.00 | OK | |
r-patched-linux-x86_64 | 0.2.1 | 36.77 | 98.60 | 135.37 | OK | |
r-release-linux-x86_64 | 0.2.1 | 34.70 | 99.45 | 134.15 | OK | |
r-release-macos-arm64 | 0.2.1 | 83.00 | NOTE | |||
r-release-macos-x86_64 | 0.2.1 | 125.00 | NOTE | |||
r-release-windows-x86_64 | 0.2.1 | 33.00 | 112.00 | 145.00 | OK | |
r-oldrel-macos-arm64 | 0.2.1 | 88.00 | NOTE | |||
r-oldrel-macos-x86_64 | 0.2.1 | 191.00 | NOTE | |||
r-oldrel-windows-x86_64 | 0.2.1 | 40.00 | 127.00 | 167.00 | OK |
Version: 0.2.1
Check: installed package size
Result: NOTE
installed size is 8.4Mb
sub-directories of 1Mb or more:
doc 1.1Mb
libs 7.1Mb
Flavors: r-release-macos-arm64, r-release-macos-x86_64, r-oldrel-macos-arm64, r-oldrel-macos-x86_64