Last updated on 2024-07-18 09:52:15 CEST.
Flavor | Version | Tinstall | Tcheck | Ttotal | Status | Flags |
---|---|---|---|---|---|---|
r-devel-linux-x86_64-debian-clang | 1.0.0 | 4.33 | 86.89 | 91.22 | OK | |
r-devel-linux-x86_64-debian-gcc | 1.0.0 | 4.37 | 66.39 | 70.76 | OK | |
r-devel-linux-x86_64-fedora-clang | 1.0.0 | 127.72 | NOTE | |||
r-devel-linux-x86_64-fedora-gcc | 1.0.0 | 125.86 | NOTE | |||
r-devel-windows-x86_64 | 1.0.0 | 10.00 | 98.00 | 108.00 | OK | |
r-patched-linux-x86_64 | 1.0.0 | 7.42 | 84.52 | 91.94 | OK | |
r-release-linux-x86_64 | 1.0.0 | 6.08 | 84.29 | 90.37 | OK | |
r-release-macos-arm64 | 1.0.0 | 42.00 | OK | |||
r-release-macos-x86_64 | 1.0.0 | 63.00 | OK | |||
r-release-windows-x86_64 | 1.0.0 | 9.00 | 97.00 | 106.00 | OK | |
r-oldrel-macos-arm64 | 1.0.0 | 54.00 | OK | |||
r-oldrel-macos-x86_64 | 1.0.0 | 87.00 | OK | |||
r-oldrel-windows-x86_64 | 1.0.0 | 13.00 | 112.00 | 125.00 | OK |
Version: 1.0.0
Check: data for non-ASCII characters
Result: NOTE
Note: found 68047 marked UTF-8 strings
Flavors: r-devel-linux-x86_64-fedora-clang, r-devel-linux-x86_64-fedora-gcc