Last updated on 2024-07-18 09:52:15 CEST.
Flavor | Version | Tinstall | Tcheck | Ttotal | Status | Flags |
---|---|---|---|---|---|---|
r-devel-linux-x86_64-debian-clang | 0.1.0 | 6.88 | 50.53 | 57.41 | OK | |
r-devel-linux-x86_64-debian-gcc | 0.1.0 | 4.80 | 37.92 | 42.72 | OK | |
r-devel-linux-x86_64-fedora-clang | 0.1.0 | 76.36 | NOTE | |||
r-devel-linux-x86_64-fedora-gcc | 0.1.0 | 65.15 | NOTE | |||
r-devel-windows-x86_64 | 0.1.0 | 7.00 | 57.00 | 64.00 | OK | |
r-patched-linux-x86_64 | 0.1.0 | 6.05 | 47.41 | 53.46 | OK | |
r-release-linux-x86_64 | 0.1.0 | 4.39 | 48.14 | 52.53 | OK | |
r-release-macos-arm64 | 0.1.0 | 25.00 | OK | |||
r-release-macos-x86_64 | 0.1.0 | 58.00 | OK | |||
r-release-windows-x86_64 | 0.1.0 | 7.00 | 58.00 | 65.00 | OK | |
r-oldrel-macos-arm64 | 0.1.0 | 26.00 | OK | |||
r-oldrel-macos-x86_64 | 0.1.0 | 36.00 | OK | |||
r-oldrel-windows-x86_64 | 0.1.0 | 8.00 | 63.00 | 71.00 | OK |
Version: 0.1.0
Check: data for non-ASCII characters
Result: NOTE
Note: found 710 marked UTF-8 strings
Flavors: r-devel-linux-x86_64-fedora-clang, r-devel-linux-x86_64-fedora-gcc