Last updated on 2024-07-18 09:52:15 CEST.
Flavor | Version | Tinstall | Tcheck | Ttotal | Status | Flags |
---|---|---|---|---|---|---|
r-devel-linux-x86_64-debian-clang | 1.2.0 | 29.88 | 457.86 | 487.74 | OK | |
r-devel-linux-x86_64-debian-gcc | 1.2.0 | 22.98 | 339.58 | 362.56 | OK | |
r-devel-linux-x86_64-fedora-clang | 1.2.0 | 695.63 | NOTE | |||
r-devel-linux-x86_64-fedora-gcc | 1.2.0 | 589.56 | NOTE | |||
r-devel-windows-x86_64 | 1.2.0 | 23.00 | 306.00 | 329.00 | OK | |
r-patched-linux-x86_64 | 1.2.0 | 30.46 | 408.25 | 438.71 | OK | |
r-release-linux-x86_64 | 1.2.0 | 30.12 | 438.44 | 468.56 | OK | |
r-release-macos-arm64 | 1.2.0 | 178.00 | OK | |||
r-release-macos-x86_64 | 1.2.0 | 275.00 | OK | |||
r-release-windows-x86_64 | 1.2.0 | 24.00 | 304.00 | 328.00 | OK | |
r-oldrel-macos-arm64 | 1.2.0 | 164.00 | OK | |||
r-oldrel-macos-x86_64 | 1.2.0 | 402.00 | OK | |||
r-oldrel-windows-x86_64 | 1.2.0 | 33.00 | 389.00 | 422.00 | OK |
Version: 1.2.0
Check: data for non-ASCII characters
Result: NOTE
Note: found 4004 marked UTF-8 strings
Flavors: r-devel-linux-x86_64-fedora-clang, r-devel-linux-x86_64-fedora-gcc