Last updated on 2024-07-18 09:52:15 CEST.
Flavor | Version | Tinstall | Tcheck | Ttotal | Status | Flags |
---|---|---|---|---|---|---|
r-devel-linux-x86_64-debian-clang | 0.9.11 | 10.95 | 90.19 | 101.14 | NOTE | |
r-devel-linux-x86_64-debian-gcc | 0.9.11 | 8.10 | 67.00 | 75.10 | NOTE | |
r-devel-linux-x86_64-fedora-clang | 0.9.11 | 133.78 | NOTE | |||
r-devel-linux-x86_64-fedora-gcc | 0.9.11 | 130.67 | NOTE | |||
r-devel-windows-x86_64 | 0.9.11 | 9.00 | 95.00 | 104.00 | NOTE | |
r-patched-linux-x86_64 | 0.9.11 | 13.77 | 84.70 | 98.47 | NOTE | |
r-release-linux-x86_64 | 0.9.11 | 6.74 | 88.23 | 94.97 | NOTE | |
r-release-macos-arm64 | 0.9.11 | 47.00 | NOTE | |||
r-release-macos-x86_64 | 0.9.11 | 67.00 | NOTE | |||
r-release-windows-x86_64 | 0.9.11 | 11.00 | 94.00 | 105.00 | NOTE | |
r-oldrel-macos-arm64 | 0.9.11 | 46.00 | OK | |||
r-oldrel-macos-x86_64 | 0.9.11 | 72.00 | OK | |||
r-oldrel-windows-x86_64 | 0.9.11 | 12.00 | 106.00 | 118.00 | OK |
Version: 0.9.11
Check: Rd files
Result: NOTE
checkRd: (-1) to_flow.Rd:110-117: Lost braces
110 | \strong{Behaviour:}{
| ^
checkRd: (-1) to_flowdef.Rd:111-115: Lost braces
111 | {
| ^
Flavors: r-devel-linux-x86_64-debian-clang, r-devel-linux-x86_64-debian-gcc, r-devel-linux-x86_64-fedora-clang, r-devel-linux-x86_64-fedora-gcc, r-devel-windows-x86_64, r-patched-linux-x86_64, r-release-linux-x86_64, r-release-macos-arm64, r-release-macos-x86_64, r-release-windows-x86_64
Version: 0.9.11
Check: Rd cross-references
Result: NOTE
Found the following Rd file(s) with Rd \link{} targets missing package
anchors:
whisker_render.Rd: whisker.render
Please provide package anchors for all Rd \link{} targets not in the
package itself and the base packages.
Flavor: r-devel-windows-x86_64