Last updated on 2024-07-18 09:52:15 CEST.
Flavor | Version | Tinstall | Tcheck | Ttotal | Status | Flags |
---|---|---|---|---|---|---|
r-devel-linux-x86_64-debian-clang | 1.1.1 | 54.13 | 163.47 | 217.60 | NOTE | |
r-devel-linux-x86_64-debian-gcc | 1.1.1 | 33.74 | 122.78 | 156.52 | NOTE | |
r-devel-linux-x86_64-fedora-clang | 1.1.1 | 292.98 | NOTE | |||
r-devel-linux-x86_64-fedora-gcc | 1.1.1 | 269.64 | NOTE | |||
r-devel-windows-x86_64 | 1.1.1 | 46.00 | 146.00 | 192.00 | NOTE | |
r-patched-linux-x86_64 | 1.1.1 | 52.99 | 161.36 | 214.35 | NOTE | |
r-release-linux-x86_64 | 1.1.1 | 53.80 | 157.91 | 211.71 | NOTE | |
r-release-macos-arm64 | 1.1.1 | 69.00 | NOTE | |||
r-release-macos-x86_64 | 1.1.1 | 99.00 | NOTE | |||
r-release-windows-x86_64 | 1.1.1 | 45.00 | 148.00 | 193.00 | NOTE | |
r-oldrel-macos-arm64 | 1.1.1 | 77.00 | NOTE | |||
r-oldrel-macos-x86_64 | 1.1.1 | 130.00 | NOTE | |||
r-oldrel-windows-x86_64 | 1.1.1 | 59.00 | 180.00 | 239.00 | NOTE |
Version: 1.1.1
Check: C++ specification
Result: NOTE
Specified C++11: please drop specification unless essential
Flavors: r-devel-linux-x86_64-debian-clang, r-devel-linux-x86_64-debian-gcc, r-devel-linux-x86_64-fedora-clang, r-devel-linux-x86_64-fedora-gcc, r-devel-windows-x86_64, r-patched-linux-x86_64, r-release-linux-x86_64, r-release-macos-arm64, r-release-macos-x86_64, r-release-windows-x86_64, r-oldrel-macos-arm64, r-oldrel-macos-x86_64, r-oldrel-windows-x86_64