Last updated on 2024-07-18 09:52:15 CEST.
Flavor | Version | Tinstall | Tcheck | Ttotal | Status | Flags |
---|---|---|---|---|---|---|
r-devel-linux-x86_64-debian-clang | 1.0.0 | 9.30 | 95.79 | 105.09 | NOTE | |
r-devel-linux-x86_64-debian-gcc | 1.0.0 | 7.56 | 71.97 | 79.53 | NOTE | |
r-devel-linux-x86_64-fedora-clang | 1.0.0 | 132.32 | NOTE | |||
r-devel-linux-x86_64-fedora-gcc | 1.0.0 | 136.08 | NOTE | |||
r-devel-windows-x86_64 | 1.0.0 | 7.00 | 87.00 | 94.00 | NOTE | |
r-patched-linux-x86_64 | 1.0.0 | 8.30 | 93.47 | 101.77 | NOTE | |
r-release-linux-x86_64 | 1.0.0 | 7.05 | 90.23 | 97.28 | NOTE | |
r-release-macos-arm64 | 1.0.0 | 45.00 | NOTE | |||
r-release-macos-x86_64 | 1.0.0 | 68.00 | NOTE | |||
r-release-windows-x86_64 | 1.0.0 | 9.00 | 88.00 | 97.00 | NOTE | |
r-oldrel-macos-arm64 | 1.0.0 | 50.00 | NOTE | |||
r-oldrel-macos-x86_64 | 1.0.0 | 72.00 | NOTE | |||
r-oldrel-windows-x86_64 | 1.0.0 | 7.00 | 101.00 | 108.00 | NOTE |
Version: 1.0.0
Check: LazyData
Result: NOTE
'LazyData' is specified without a 'data' directory
Flavors: r-devel-linux-x86_64-debian-clang, r-devel-linux-x86_64-debian-gcc, r-devel-linux-x86_64-fedora-clang, r-devel-linux-x86_64-fedora-gcc, r-devel-windows-x86_64, r-patched-linux-x86_64, r-release-linux-x86_64, r-release-macos-arm64, r-release-macos-x86_64, r-release-windows-x86_64, r-oldrel-macos-arm64, r-oldrel-macos-x86_64, r-oldrel-windows-x86_64