Last updated on 2024-07-18 09:52:15 CEST.
Flavor | Version | Tinstall | Tcheck | Ttotal | Status | Flags |
---|---|---|---|---|---|---|
r-devel-linux-x86_64-debian-clang | 1.7.1 | 7.75 | 87.50 | 95.25 | OK | |
r-devel-linux-x86_64-debian-gcc | 1.7.1 | 4.61 | 63.86 | 68.47 | OK | |
r-devel-linux-x86_64-fedora-clang | 1.7.1 | 119.62 | NOTE | |||
r-devel-linux-x86_64-fedora-gcc | 1.7.1 | 123.74 | OK | |||
r-devel-windows-x86_64 | 1.7.1 | 7.00 | 85.00 | 92.00 | NOTE | |
r-patched-linux-x86_64 | 1.7.1 | 7.04 | 81.22 | 88.26 | OK | |
r-release-linux-x86_64 | 1.7.1 | 5.37 | 82.94 | 88.31 | OK | |
r-release-macos-arm64 | 1.7.1 | 60.00 | NOTE | |||
r-release-macos-x86_64 | 1.7.1 | 124.00 | NOTE | |||
r-release-windows-x86_64 | 1.7.1 | 6.00 | 84.00 | 90.00 | NOTE | |
r-oldrel-macos-arm64 | 1.7.1 | 43.00 | NOTE | |||
r-oldrel-macos-x86_64 | 1.7.1 | 104.00 | NOTE | |||
r-oldrel-windows-x86_64 | 1.7.1 | 6.00 | 92.00 | 98.00 | NOTE |
Version: 1.7.1
Check: installed package size
Result: NOTE
installed size is 5.4Mb
sub-directories of 1Mb or more:
help 4.6Mb
Flavors: r-devel-linux-x86_64-fedora-clang, r-devel-windows-x86_64, r-release-macos-arm64, r-release-macos-x86_64, r-release-windows-x86_64, r-oldrel-macos-arm64, r-oldrel-macos-x86_64, r-oldrel-windows-x86_64