Last updated on 2024-07-18 09:52:17 CEST.
Flavor | Version | Tinstall | Tcheck | Ttotal | Status | Flags |
---|---|---|---|---|---|---|
r-devel-linux-x86_64-debian-clang | 1.5.2 | 11.99 | 304.19 | 316.18 | OK | |
r-devel-linux-x86_64-debian-gcc | 1.5.2 | 8.47 | 223.48 | 231.95 | OK | |
r-devel-linux-x86_64-fedora-clang | 1.5.2 | 407.09 | OK | |||
r-devel-linux-x86_64-fedora-gcc | 1.5.2 | 381.26 | OK | |||
r-devel-windows-x86_64 | 1.5.2 | 13.00 | 217.00 | 230.00 | NOTE | |
r-patched-linux-x86_64 | 1.5.2 | 17.49 | 293.87 | 311.36 | OK | |
r-release-linux-x86_64 | 1.5.2 | 7.21 | 286.81 | 294.02 | OK | |
r-release-macos-arm64 | 1.5.2 | 97.00 | OK | |||
r-release-macos-x86_64 | 1.5.2 | 160.00 | OK | |||
r-release-windows-x86_64 | 1.5.2 | 12.00 | 219.00 | 231.00 | OK | |
r-oldrel-macos-arm64 | 1.5.2 | 106.00 | OK | |||
r-oldrel-macos-x86_64 | 1.5.2 | 185.00 | OK | |||
r-oldrel-windows-x86_64 | 1.5.2 | 13.00 | 276.00 | 289.00 | OK |
Version: 1.5.2
Check: Rd cross-references
Result: NOTE
Found the following Rd file(s) with Rd \link{} targets missing package
anchors:
plotTitleTeX3D.Rd: bbox3d
Please provide package anchors for all Rd \link{} targets not in the
package itself and the base packages.
Flavor: r-devel-windows-x86_64