Last updated on 2024-07-18 09:52:18 CEST.
Flavor | Version | Tinstall | Tcheck | Ttotal | Status | Flags |
---|---|---|---|---|---|---|
r-devel-linux-x86_64-debian-clang | 2.0.2 | 350.13 | 139.40 | 489.53 | OK | |
r-devel-linux-x86_64-debian-gcc | 2.0.2 | 219.89 | 105.19 | 325.08 | OK | |
r-devel-linux-x86_64-fedora-clang | 2.0.2 | 685.99 | NOTE | |||
r-devel-linux-x86_64-fedora-gcc | 2.0.2 | 722.79 | OK | |||
r-devel-windows-x86_64 | 2.0.2 | 252.00 | 157.00 | 409.00 | NOTE | |
r-patched-linux-x86_64 | 2.0.2 | 286.87 | 135.01 | 421.88 | OK | |
r-release-linux-x86_64 | 2.0.2 | 272.43 | 135.31 | 407.74 | OK | |
r-release-macos-arm64 | 2.0.2 | 136.00 | NOTE | |||
r-release-macos-x86_64 | 2.0.2 | 241.00 | NOTE | |||
r-release-windows-x86_64 | 2.0.2 | 254.00 | 158.00 | 412.00 | NOTE | |
r-oldrel-macos-arm64 | 2.0.2 | 166.00 | NOTE | |||
r-oldrel-macos-x86_64 | 2.0.2 | 210.00 | NOTE | |||
r-oldrel-windows-x86_64 | 2.0.2 | 312.00 | 189.00 | 501.00 | NOTE |
Version: 2.0.2
Check: installed package size
Result: NOTE
installed size is 6.1Mb
sub-directories of 1Mb or more:
data 4.0Mb
Flavors: r-devel-linux-x86_64-fedora-clang, r-devel-windows-x86_64, r-release-macos-arm64, r-release-macos-x86_64, r-release-windows-x86_64, r-oldrel-macos-arm64, r-oldrel-macos-x86_64, r-oldrel-windows-x86_64