Last updated on 2024-07-18 09:52:15 CEST.
Flavor | Version | Tinstall | Tcheck | Ttotal | Status | Flags |
---|---|---|---|---|---|---|
r-devel-linux-x86_64-debian-clang | 1.6.4 | 47.84 | 397.24 | 445.08 | OK | |
r-devel-linux-x86_64-debian-gcc | 1.6.4 | 41.92 | 279.57 | 321.49 | OK | |
r-devel-linux-x86_64-fedora-clang | 1.6.4 | 573.19 | OK | |||
r-devel-linux-x86_64-fedora-gcc | 1.6.4 | 529.04 | OK | |||
r-devel-windows-x86_64 | 1.6.4 | 39.00 | 231.00 | 270.00 | NOTE | |
r-patched-linux-x86_64 | 1.6.4 | 54.79 | 371.66 | 426.45 | OK | |
r-release-linux-x86_64 | 1.6.4 | 52.04 | 375.90 | 427.94 | OK | |
r-release-macos-arm64 | 1.6.4 | 117.00 | OK | |||
r-release-macos-x86_64 | 1.6.4 | 200.00 | OK | |||
r-release-windows-x86_64 | 1.6.4 | 40.00 | 233.00 | 273.00 | OK | |
r-oldrel-macos-arm64 | 1.6.4 | 115.00 | OK | |||
r-oldrel-macos-x86_64 | 1.6.4 | 384.00 | OK | |||
r-oldrel-windows-x86_64 | 1.6.4 | 55.00 | 315.00 | 370.00 | OK |
Version: 1.6.4
Check: Rd cross-references
Result: NOTE
Found the following Rd file(s) with Rd \link{} targets missing package
anchors:
Transition-classes.Rd: Raster-class
Please provide package anchors for all Rd \link{} targets not in the
package itself and the base packages.
Flavor: r-devel-windows-x86_64