Last updated on 2024-07-18 09:52:15 CEST.
Flavor | Version | Tinstall | Tcheck | Ttotal | Status | Flags |
---|---|---|---|---|---|---|
r-devel-linux-x86_64-debian-clang | 0.4.0 | 15.98 | 189.92 | 205.90 | OK | |
r-devel-linux-x86_64-debian-gcc | 0.4.0 | 15.68 | 141.47 | 157.15 | OK | |
r-devel-linux-x86_64-fedora-clang | 0.4.0 | 273.72 | NOTE | |||
r-devel-linux-x86_64-fedora-gcc | 0.4.0 | 260.94 | NOTE | |||
r-devel-windows-x86_64 | 0.4.0 | 20.00 | 138.00 | 158.00 | OK | |
r-patched-linux-x86_64 | 0.4.0 | 17.58 | 180.64 | 198.22 | OK | |
r-release-linux-x86_64 | 0.4.0 | 15.47 | 180.29 | 195.76 | OK | |
r-release-macos-arm64 | 0.4.0 | 72.00 | OK | |||
r-release-macos-x86_64 | 0.4.0 | 112.00 | OK | |||
r-release-windows-x86_64 | 0.4.0 | 19.00 | 141.00 | 160.00 | OK | |
r-oldrel-macos-arm64 | 0.4.0 | 78.00 | OK | |||
r-oldrel-macos-x86_64 | 0.4.0 | 129.00 | OK | |||
r-oldrel-windows-x86_64 | 0.4.0 | 24.00 | 176.00 | 200.00 | OK |
Version: 0.4.0
Check: dependencies in R code
Result: NOTE
Namespaces in Imports field not imported from:
‘GGEBiplots’ ‘calibrate’ ‘graphics’ ‘matrixStats’ ‘prettydoc’
‘reshape2’
All declared Imports should be used.
Flavors: r-devel-linux-x86_64-fedora-clang, r-devel-linux-x86_64-fedora-gcc