Last updated on 2024-07-18 09:52:16 CEST.
Flavor | Version | Tinstall | Tcheck | Ttotal | Status | Flags |
---|---|---|---|---|---|---|
r-devel-linux-x86_64-debian-clang | 0.1.8 | 25.93 | 296.14 | 322.07 | OK | |
r-devel-linux-x86_64-debian-gcc | 0.1.8 | 26.43 | 208.19 | 234.62 | OK | |
r-devel-linux-x86_64-fedora-clang | 0.1.8 | 391.20 | OK | |||
r-devel-linux-x86_64-fedora-gcc | 0.1.8 | 357.85 | OK | |||
r-devel-windows-x86_64 | 0.1.8 | 24.00 | 171.00 | 195.00 | NOTE | |
r-patched-linux-x86_64 | 0.1.8 | 32.20 | 274.75 | 306.95 | OK | |
r-release-linux-x86_64 | 0.1.8 | 25.93 | 275.64 | 301.57 | OK | |
r-release-macos-arm64 | 0.1.8 | 82.00 | OK | |||
r-release-macos-x86_64 | 0.1.8 | 135.00 | OK | |||
r-release-windows-x86_64 | 0.1.8 | 24.00 | 171.00 | 195.00 | OK | |
r-oldrel-macos-arm64 | 0.1.8 | 88.00 | OK | |||
r-oldrel-macos-x86_64 | 0.1.8 | 162.00 | OK | |||
r-oldrel-windows-x86_64 | 0.1.8 | 33.00 | 227.00 | 260.00 | OK |
Version: 0.1.8
Check: Rd cross-references
Result: NOTE
Found the following Rd file(s) with Rd \link{} targets missing package
anchors:
geoTS-package.Rd: reclassify
Please provide package anchors for all Rd \link{} targets not in the
package itself and the base packages.
Flavor: r-devel-windows-x86_64