Last updated on 2024-07-18 09:52:16 CEST.
Flavor | Version | Tinstall | Tcheck | Ttotal | Status | Flags |
---|---|---|---|---|---|---|
r-devel-linux-x86_64-debian-clang | 1.9.0 | 6.08 | 68.60 | 74.68 | OK | |
r-devel-linux-x86_64-debian-gcc | 1.9.0 | 5.10 | 52.40 | 57.50 | OK | |
r-devel-linux-x86_64-fedora-clang | 1.9.0 | 96.16 | NOTE | |||
r-devel-linux-x86_64-fedora-gcc | 1.9.0 | 100.39 | NOTE | |||
r-devel-windows-x86_64 | 1.9.0 | 8.00 | 77.00 | 85.00 | OK | |
r-patched-linux-x86_64 | 1.9.0 | 8.19 | 67.28 | 75.47 | OK | |
r-release-linux-x86_64 | 1.9.0 | 6.08 | 66.43 | 72.51 | OK | |
r-release-macos-arm64 | 1.9.0 | 35.00 | OK | |||
r-release-macos-x86_64 | 1.9.0 | 54.00 | OK | |||
r-release-windows-x86_64 | 1.9.0 | 8.00 | 83.00 | 91.00 | OK | |
r-oldrel-macos-arm64 | 1.9.0 | 39.00 | OK | |||
r-oldrel-macos-x86_64 | 1.9.0 | 81.00 | OK | |||
r-oldrel-windows-x86_64 | 1.9.0 | 8.00 | 88.00 | 96.00 | OK |
Version: 1.9.0
Check: data for non-ASCII characters
Result: NOTE
Note: found 58 marked UTF-8 strings
Flavors: r-devel-linux-x86_64-fedora-clang, r-devel-linux-x86_64-fedora-gcc