Last updated on 2024-07-18 04:50:15 CEST.
Flavor | Version | Tinstall | Tcheck | Ttotal | Status | Flags |
---|---|---|---|---|---|---|
r-devel-linux-x86_64-debian-clang | 0.0.0.2 | 3.30 | 26.20 | 29.50 | OK | |
r-devel-linux-x86_64-debian-gcc | 0.0.0.2 | 2.19 | 20.87 | 23.06 | OK | |
r-devel-linux-x86_64-fedora-clang | 0.0.0.2 | 37.85 | NOTE | |||
r-devel-linux-x86_64-fedora-gcc | 0.0.0.2 | 35.76 | NOTE | |||
r-devel-windows-x86_64 | 0.0.0.2 | 5.00 | 44.00 | 49.00 | OK | |
r-patched-linux-x86_64 | 0.0.0.2 | 2.93 | 25.94 | 28.87 | OK | |
r-release-linux-x86_64 | 0.0.0.2 | 2.73 | 25.63 | 28.36 | OK | |
r-release-macos-arm64 | 0.0.0.2 | 17.00 | OK | |||
r-release-macos-x86_64 | 0.0.0.2 | 23.00 | OK | |||
r-release-windows-x86_64 | 0.0.0.2 | 4.00 | 45.00 | 49.00 | OK | |
r-oldrel-macos-arm64 | 0.0.0.2 | 24.00 | OK | |||
r-oldrel-macos-x86_64 | 0.0.0.2 | 31.00 | OK | |||
r-oldrel-windows-x86_64 | 0.0.0.2 | 5.00 | 44.00 | 49.00 | OK |
Version: 0.0.0.2
Check: data for non-ASCII characters
Result: NOTE
Note: found 69 marked UTF-8 strings
Flavors: r-devel-linux-x86_64-fedora-clang, r-devel-linux-x86_64-fedora-gcc