Last updated on 2024-07-18 09:52:16 CEST.
Flavor | Version | Tinstall | Tcheck | Ttotal | Status | Flags |
---|---|---|---|---|---|---|
r-devel-linux-x86_64-debian-clang | 1.3.0 | 15.10 | 121.42 | 136.52 | NOTE | |
r-devel-linux-x86_64-debian-gcc | 1.3.0 | 10.83 | 88.78 | 99.61 | NOTE | |
r-devel-linux-x86_64-fedora-clang | 1.3.0 | 170.12 | NOTE | |||
r-devel-linux-x86_64-fedora-gcc | 1.3.0 | 157.21 | NOTE | |||
r-devel-windows-x86_64 | 1.3.0 | 12.00 | 98.00 | 110.00 | NOTE | |
r-patched-linux-x86_64 | 1.3.0 | 11.20 | 113.23 | 124.43 | NOTE | |
r-release-linux-x86_64 | 1.3.0 | 9.25 | 117.05 | 126.30 | NOTE | |
r-release-macos-arm64 | 1.3.0 | 45.00 | NOTE | |||
r-release-macos-x86_64 | 1.3.0 | 67.00 | NOTE | |||
r-release-windows-x86_64 | 1.3.0 | 11.00 | 101.00 | 112.00 | NOTE | |
r-oldrel-macos-arm64 | 1.3.0 | 48.00 | OK | |||
r-oldrel-macos-x86_64 | 1.3.0 | 82.00 | OK | |||
r-oldrel-windows-x86_64 | 1.3.0 | 16.00 | 118.00 | 134.00 | OK |
Version: 1.3.0
Check: Rd files
Result: NOTE
checkRd: (-1) gestMultiple.Rd:80: Lost braces in \itemize; meant \describe ?
checkRd: (-1) gestMultiple.Rd:81-83: Lost braces in \itemize; meant \describe ?
checkRd: (-1) gestMultiple.Rd:84-86: Lost braces in \itemize; meant \describe ?
checkRd: (-1) gestMultiple.Rd:87-90: Lost braces in \itemize; meant \describe ?
checkRd: (-1) gestSingle.Rd:74: Lost braces in \itemize; meant \describe ?
checkRd: (-1) gestSingle.Rd:75-78: Lost braces in \itemize; meant \describe ?
checkRd: (-1) gestSingle.Rd:79-80: Lost braces in \itemize; meant \describe ?
checkRd: (-1) gestSingle.Rd:81-84: Lost braces in \itemize; meant \describe ?
Flavors: r-devel-linux-x86_64-debian-clang, r-devel-linux-x86_64-debian-gcc, r-devel-linux-x86_64-fedora-clang, r-devel-linux-x86_64-fedora-gcc, r-devel-windows-x86_64, r-patched-linux-x86_64, r-release-linux-x86_64, r-release-macos-arm64, r-release-macos-x86_64, r-release-windows-x86_64