Last updated on 2024-07-18 09:52:16 CEST.
Flavor | Version | Tinstall | Tcheck | Ttotal | Status | Flags |
---|---|---|---|---|---|---|
r-devel-linux-x86_64-debian-clang | 0.1.0 | 4.26 | 53.88 | 58.14 | NOTE | |
r-devel-linux-x86_64-debian-gcc | 0.1.0 | 4.06 | 40.05 | 44.11 | NOTE | |
r-devel-linux-x86_64-fedora-clang | 0.1.0 | 73.02 | NOTE | |||
r-devel-linux-x86_64-fedora-gcc | 0.1.0 | 68.69 | NOTE | |||
r-devel-windows-x86_64 | 0.1.0 | 6.00 | 65.00 | 71.00 | NOTE | |
r-patched-linux-x86_64 | 0.1.0 | 4.12 | 50.75 | 54.87 | NOTE | |
r-release-linux-x86_64 | 0.1.0 | 3.40 | 50.53 | 53.93 | NOTE | |
r-release-macos-arm64 | 0.1.0 | 26.00 | NOTE | |||
r-release-macos-x86_64 | 0.1.0 | 37.00 | NOTE | |||
r-release-windows-x86_64 | 0.1.0 | 7.00 | 64.00 | 71.00 | NOTE | |
r-oldrel-macos-arm64 | 0.1.0 | 26.00 | NOTE | |||
r-oldrel-macos-x86_64 | 0.1.0 | 37.00 | NOTE | |||
r-oldrel-windows-x86_64 | 0.1.0 | 8.00 | 69.00 | 77.00 | NOTE |
Version: 0.1.0
Check: LazyData
Result: NOTE
'LazyData' is specified without a 'data' directory
Flavors: r-devel-linux-x86_64-debian-clang, r-devel-linux-x86_64-debian-gcc, r-devel-linux-x86_64-fedora-clang, r-devel-linux-x86_64-fedora-gcc, r-devel-windows-x86_64, r-patched-linux-x86_64, r-release-linux-x86_64, r-release-macos-arm64, r-release-macos-x86_64, r-release-windows-x86_64, r-oldrel-macos-arm64, r-oldrel-macos-x86_64, r-oldrel-windows-x86_64