Last updated on 2025-07-02 23:49:44 CEST.
Flavor | Version | Tinstall | Tcheck | Ttotal | Status | Flags |
---|---|---|---|---|---|---|
r-devel-linux-x86_64-debian-clang | 1.0.3 | 2.99 | 160.94 | 163.93 | NOTE | |
r-devel-linux-x86_64-debian-gcc | 1.0.3 | 2.38 | 99.31 | 101.69 | NOTE | |
r-devel-linux-x86_64-fedora-clang | 1.0.3 | 255.61 | OK | |||
r-devel-linux-x86_64-fedora-gcc | 1.0.3 | 267.47 | OK | |||
r-devel-windows-x86_64 | 1.0.3 | 5.00 | 178.00 | 183.00 | OK | |
r-patched-linux-x86_64 | 1.0.3 | 4.33 | 153.71 | 158.04 | OK | |
r-release-linux-x86_64 | 1.0.3 | 3.19 | 151.03 | 154.22 | OK | |
r-release-macos-arm64 | 1.0.3 | 92.00 | OK | |||
r-release-macos-x86_64 | 1.0.3 | 175.00 | OK | |||
r-release-windows-x86_64 | 1.0.3 | 6.00 | 173.00 | 179.00 | OK | |
r-oldrel-macos-arm64 | 1.0.3 | 76.00 | OK | |||
r-oldrel-macos-x86_64 | 1.0.3 | 134.00 | OK | |||
r-oldrel-windows-x86_64 | 1.0.3 | 7.00 | 231.00 | 238.00 | OK |
Version: 1.0.3
Check: CRAN incoming feasibility
Result: NOTE
Maintainer: ‘Lindsay Rutter <ggenealogypackage@gmail.com>’
No Authors@R field in DESCRIPTION.
Please add one, modifying
Authors@R: c(person(given = "Lindsay",
family = "Rutter",
role = c("aut", "cre"),
email = "ggenealogypackage@gmail.com"),
person(given = "Susan",
family = "Vanderplas",
role = "aut"),
person(given = "Di",
family = "Cook",
role = "aut"))
as necessary.
Flavors: r-devel-linux-x86_64-debian-clang, r-devel-linux-x86_64-debian-gcc