Last updated on 2024-07-18 09:52:16 CEST.
Flavor | Version | Tinstall | Tcheck | Ttotal | Status | Flags |
---|---|---|---|---|---|---|
r-devel-linux-x86_64-debian-clang | 0.4.1 | 5.36 | 47.54 | 52.90 | NOTE | |
r-devel-linux-x86_64-debian-gcc | 0.4.1 | 3.99 | 35.67 | 39.66 | NOTE | |
r-devel-linux-x86_64-fedora-clang | 0.4.1 | 67.28 | NOTE | |||
r-devel-linux-x86_64-fedora-gcc | 0.4.1 | 73.69 | NOTE | |||
r-devel-windows-x86_64 | 0.4.1 | 7.00 | 56.00 | 63.00 | NOTE | |
r-patched-linux-x86_64 | 0.4.1 | 9.78 | 44.45 | 54.23 | NOTE | |
r-release-linux-x86_64 | 0.4.1 | 3.46 | 44.51 | 47.97 | NOTE | |
r-release-macos-arm64 | 0.4.1 | 31.00 | NOTE | |||
r-release-macos-x86_64 | 0.4.1 | 44.00 | NOTE | |||
r-release-windows-x86_64 | 0.4.1 | 6.00 | 54.00 | 60.00 | NOTE | |
r-oldrel-macos-arm64 | 0.4.1 | 28.00 | NOTE | |||
r-oldrel-macos-x86_64 | 0.4.1 | 44.00 | NOTE | |||
r-oldrel-windows-x86_64 | 0.4.1 | 7.00 | 59.00 | 66.00 | NOTE |
Version: 0.4.1
Check: LazyData
Result: NOTE
'LazyData' is specified without a 'data' directory
Flavors: r-devel-linux-x86_64-debian-clang, r-devel-linux-x86_64-debian-gcc, r-devel-linux-x86_64-fedora-clang, r-devel-linux-x86_64-fedora-gcc, r-devel-windows-x86_64, r-patched-linux-x86_64, r-release-linux-x86_64, r-release-macos-arm64, r-release-macos-x86_64, r-release-windows-x86_64, r-oldrel-macos-arm64, r-oldrel-macos-x86_64, r-oldrel-windows-x86_64
Version: 0.4.1
Check: Rd cross-references
Result: NOTE
Found the following Rd file(s) with Rd \link{} targets missing package
anchors:
ggjoy.Rd: ggridges
Please provide package anchors for all Rd \link{} targets not in the
package itself and the base packages.
Flavor: r-devel-windows-x86_64