Last updated on 2024-07-18 09:52:16 CEST.
Flavor | Version | Tinstall | Tcheck | Ttotal | Status | Flags |
---|---|---|---|---|---|---|
r-devel-linux-x86_64-debian-clang | 0.2.0 | 8.78 | 78.54 | 87.32 | NOTE | |
r-devel-linux-x86_64-debian-gcc | 0.2.0 | 6.23 | 60.90 | 67.13 | NOTE | |
r-devel-linux-x86_64-fedora-clang | 0.2.0 | 110.68 | NOTE | |||
r-devel-linux-x86_64-fedora-gcc | 0.2.0 | 104.73 | NOTE | |||
r-devel-windows-x86_64 | 0.2.0 | 8.00 | 77.00 | 85.00 | NOTE | |
r-patched-linux-x86_64 | 0.2.0 | 6.97 | 76.80 | 83.77 | NOTE | |
r-release-linux-x86_64 | 0.2.0 | 5.24 | 76.28 | 81.52 | NOTE | |
r-release-macos-arm64 | 0.2.0 | 33.00 | NOTE | |||
r-release-macos-x86_64 | 0.2.0 | 50.00 | NOTE | |||
r-release-windows-x86_64 | 0.2.0 | 8.00 | 77.00 | 85.00 | NOTE | |
r-oldrel-macos-arm64 | 0.2.0 | 34.00 | OK | |||
r-oldrel-macos-x86_64 | 0.2.0 | 53.00 | OK | |||
r-oldrel-windows-x86_64 | 0.2.0 | 9.00 | 95.00 | 104.00 | OK |
Version: 0.2.0
Check: Rd files
Result: NOTE
checkRd: (-1) pcp_scale.Rd:50: Lost braces in \itemize; meant \describe ?
checkRd: (-1) pcp_scale.Rd:51: Lost braces in \itemize; meant \describe ?
checkRd: (-1) pcp_scale.Rd:52: Lost braces in \itemize; meant \describe ?
checkRd: (-1) pcp_scale.Rd:53: Lost braces in \itemize; meant \describe ?
checkRd: (-1) pcp_scale.Rd:54-55: Lost braces in \itemize; meant \describe ?
Flavors: r-devel-linux-x86_64-debian-clang, r-devel-linux-x86_64-debian-gcc, r-devel-linux-x86_64-fedora-clang, r-devel-linux-x86_64-fedora-gcc, r-devel-windows-x86_64, r-patched-linux-x86_64, r-release-linux-x86_64, r-release-macos-arm64, r-release-macos-x86_64, r-release-windows-x86_64
Version: 0.2.0
Check: Rd cross-references
Result: NOTE
Undeclared package ‘ggdensity’ in Rd xrefs
Flavor: r-devel-linux-x86_64-fedora-clang