Last updated on 2024-07-18 09:52:17 CEST.
Flavor | Version | Tinstall | Tcheck | Ttotal | Status | Flags |
---|---|---|---|---|---|---|
r-devel-linux-x86_64-debian-clang | 5.1.0 | 9.55 | 119.13 | 128.68 | OK | |
r-devel-linux-x86_64-debian-gcc | 5.1.0 | 6.80 | 88.22 | 95.02 | OK | |
r-devel-linux-x86_64-fedora-clang | 5.1.0 | 159.76 | NOTE | |||
r-devel-linux-x86_64-fedora-gcc | 5.1.0 | 146.96 | NOTE | |||
r-devel-windows-x86_64 | 5.1.0 | 12.00 | 120.00 | 132.00 | NOTE | |
r-patched-linux-x86_64 | 5.1.0 | 16.93 | 112.12 | 129.05 | OK | |
r-release-linux-x86_64 | 5.1.0 | 6.72 | 111.75 | 118.47 | OK | |
r-release-macos-arm64 | 5.1.0 | 47.00 | OK | |||
r-release-macos-x86_64 | 5.1.0 | 72.00 | OK | |||
r-release-windows-x86_64 | 5.1.0 | 12.00 | 119.00 | 131.00 | OK | |
r-oldrel-macos-arm64 | 5.1.0 | 52.00 | OK | |||
r-oldrel-macos-x86_64 | 5.1.0 | 129.00 | OK | |||
r-oldrel-windows-x86_64 | 5.1.0 | 14.00 | 141.00 | 155.00 | OK |
Version: 5.1.0
Check: data for non-ASCII characters
Result: NOTE
Note: found 138 marked UTF-8 strings
Flavors: r-devel-linux-x86_64-fedora-clang, r-devel-linux-x86_64-fedora-gcc
Version: 5.1.0
Check: Rd cross-references
Result: NOTE
Found the following Rd file(s) with Rd \link{} targets missing package
anchors:
geom_tufteboxplot.Rd: stat_boxplot, geom_boxplot
scale_color_tableau.Rd: discrete_scale
scale_colour_canva.Rd: discrete_scale
theme_solid.Rd: theme
theme_tufte.Rd: geom_rug
Please provide package anchors for all Rd \link{} targets not in the
package itself and the base packages.
Flavor: r-devel-windows-x86_64