Last updated on 2024-07-18 09:52:17 CEST.
Flavor | Version | Tinstall | Tcheck | Ttotal | Status | Flags |
---|---|---|---|---|---|---|
r-devel-linux-x86_64-debian-clang | 0.5.1 | 4.01 | 61.76 | 65.77 | OK | |
r-devel-linux-x86_64-debian-gcc | 0.5.1 | 3.44 | 46.55 | 49.99 | OK | |
r-devel-linux-x86_64-fedora-clang | 0.5.1 | 82.91 | NOTE | |||
r-devel-linux-x86_64-fedora-gcc | 0.5.1 | 90.88 | NOTE | |||
r-devel-windows-x86_64 | 0.5.1 | 5.00 | 71.00 | 76.00 | OK | |
r-patched-linux-x86_64 | 0.5.1 | 4.68 | 59.79 | 64.47 | OK | |
r-release-linux-x86_64 | 0.5.1 | 4.08 | 58.47 | 62.55 | OK | |
r-release-macos-arm64 | 0.5.1 | 54.00 | OK | |||
r-release-macos-x86_64 | 0.5.1 | 93.00 | OK | |||
r-release-windows-x86_64 | 0.5.1 | 5.00 | 71.00 | 76.00 | OK | |
r-oldrel-macos-arm64 | 0.5.1 | 60.00 | OK | |||
r-oldrel-macos-x86_64 | 0.5.1 | 78.00 | OK | |||
r-oldrel-windows-x86_64 | 0.5.1 | 7.00 | 75.00 | 82.00 | OK |
Version: 0.5.1
Check: data for non-ASCII characters
Result: NOTE
Note: found 1178 marked UTF-8 strings
Flavors: r-devel-linux-x86_64-fedora-clang, r-devel-linux-x86_64-fedora-gcc