Last updated on 2024-07-18 09:52:17 CEST.
Flavor | Version | Tinstall | Tcheck | Ttotal | Status | Flags |
---|---|---|---|---|---|---|
r-devel-linux-x86_64-debian-clang | 0.8.0 | 4.31 | 77.27 | 81.58 | OK | |
r-devel-linux-x86_64-debian-gcc | 0.8.0 | 4.39 | 57.11 | 61.50 | OK | |
r-devel-linux-x86_64-fedora-clang | 0.8.0 | 106.03 | NOTE | |||
r-devel-linux-x86_64-fedora-gcc | 0.8.0 | 112.60 | NOTE | |||
r-devel-windows-x86_64 | 0.8.0 | 9.00 | 80.00 | 89.00 | OK | |
r-patched-linux-x86_64 | 0.8.0 | 6.70 | 73.63 | 80.33 | OK | |
r-release-linux-x86_64 | 0.8.0 | 6.29 | 73.92 | 80.21 | OK | |
r-release-macos-arm64 | 0.8.0 | 43.00 | OK | |||
r-release-macos-x86_64 | 0.8.0 | 61.00 | OK | |||
r-release-windows-x86_64 | 0.8.0 | 7.00 | 80.00 | 87.00 | OK | |
r-oldrel-macos-arm64 | 0.8.0 | 48.00 | OK | |||
r-oldrel-macos-x86_64 | 0.8.0 | 97.00 | OK | |||
r-oldrel-windows-x86_64 | 0.8.0 | 9.00 | 88.00 | 97.00 | OK |
Version: 0.8.0
Check: dependencies in R code
Result: NOTE
Namespace in Imports field not imported from: ‘rlang’
All declared Imports should be used.
Flavors: r-devel-linux-x86_64-fedora-clang, r-devel-linux-x86_64-fedora-gcc
Version: 0.8.0
Check: data for non-ASCII characters
Result: NOTE
Note: found 2 marked UTF-8 strings
Flavors: r-devel-linux-x86_64-fedora-clang, r-devel-linux-x86_64-fedora-gcc