Last updated on 2024-07-18 09:52:18 CEST.
Flavor | Version | Tinstall | Tcheck | Ttotal | Status | Flags |
---|---|---|---|---|---|---|
r-devel-linux-x86_64-debian-clang | 2.0.1 | 71.68 | 187.85 | 259.53 | OK | |
r-devel-linux-x86_64-debian-gcc | 2.0.1 | 42.27 | 138.15 | 180.42 | OK | |
r-devel-linux-x86_64-fedora-clang | 2.0.1 | 354.06 | OK | |||
r-devel-linux-x86_64-fedora-gcc | 2.0.1 | 325.85 | OK | |||
r-devel-windows-x86_64 | 2.0.1 | 51.00 | 162.00 | 213.00 | NOTE | |
r-patched-linux-x86_64 | 2.0.1 | 54.96 | 179.35 | 234.31 | OK | |
r-release-linux-x86_64 | 2.0.1 | 53.74 | 173.24 | 226.98 | OK | |
r-release-macos-arm64 | 2.0.1 | 83.00 | NOTE | |||
r-release-macos-x86_64 | 2.0.1 | 222.00 | NOTE | |||
r-release-windows-x86_64 | 2.0.1 | 52.00 | 159.00 | 211.00 | NOTE | |
r-oldrel-macos-arm64 | 2.0.1 | 92.00 | NOTE | |||
r-oldrel-macos-x86_64 | 2.0.1 | 191.00 | NOTE | |||
r-oldrel-windows-x86_64 | 2.0.1 | 68.00 | 194.00 | 262.00 | NOTE |
Version: 2.0.1
Check: package dependencies
Result: NOTE
Package suggested but not available for checking: 'doMC'
Flavors: r-devel-windows-x86_64, r-release-windows-x86_64, r-oldrel-windows-x86_64
Version: 2.0.1
Check: installed package size
Result: NOTE
installed size is 5.1Mb
sub-directories of 1Mb or more:
R 1.2Mb
doc 2.6Mb
Flavors: r-devel-windows-x86_64, r-release-macos-arm64, r-release-macos-x86_64, r-release-windows-x86_64, r-oldrel-macos-arm64, r-oldrel-macos-x86_64, r-oldrel-windows-x86_64