Last updated on 2024-07-18 09:52:19 CEST.
Flavor | Version | Tinstall | Tcheck | Ttotal | Status | Flags |
---|---|---|---|---|---|---|
r-devel-linux-x86_64-debian-clang | 0.11.0 | 33.16 | 319.17 | 352.33 | OK | |
r-devel-linux-x86_64-debian-gcc | 0.11.0 | 32.11 | 228.31 | 260.42 | OK | |
r-devel-linux-x86_64-fedora-clang | 0.11.0 | 427.99 | NOTE | |||
r-devel-linux-x86_64-fedora-gcc | 0.11.0 | 398.21 | NOTE | |||
r-devel-windows-x86_64 | 0.11.0 | 36.00 | 248.00 | 284.00 | NOTE | |
r-patched-linux-x86_64 | 0.11.0 | 52.80 | 298.60 | 351.40 | OK | |
r-release-linux-x86_64 | 0.11.0 | 36.21 | 305.09 | 341.30 | OK | |
r-release-macos-arm64 | 0.11.0 | 104.00 | NOTE | |||
r-release-macos-x86_64 | 0.11.0 | 278.00 | NOTE | |||
r-release-windows-x86_64 | 0.11.0 | 36.00 | 245.00 | 281.00 | NOTE | |
r-oldrel-macos-arm64 | 0.11.0 | 97.00 | NOTE | |||
r-oldrel-macos-x86_64 | 0.11.0 | 181.00 | NOTE | |||
r-oldrel-windows-x86_64 | 0.11.0 | 47.00 | 303.00 | 350.00 | NOTE |
Version: 0.11.0
Check: installed package size
Result: NOTE
installed size is 6.4Mb
sub-directories of 1Mb or more:
R 2.0Mb
data 1.0Mb
help 2.0Mb
Flavors: r-devel-linux-x86_64-fedora-clang, r-devel-windows-x86_64, r-release-macos-arm64, r-release-macos-x86_64, r-release-windows-x86_64, r-oldrel-macos-arm64, r-oldrel-macos-x86_64, r-oldrel-windows-x86_64
Version: 0.11.0
Check: data for non-ASCII characters
Result: NOTE
Note: found 755 marked UTF-8 strings
Flavors: r-devel-linux-x86_64-fedora-clang, r-devel-linux-x86_64-fedora-gcc